Last updated on 2024-06-14 00:53:47 CEST.
Flavor | Version | Tinstall | Tcheck | Ttotal | Status | Flags |
---|---|---|---|---|---|---|
r-devel-linux-x86_64-debian-clang | 0.0.1 | 9.07 | 76.26 | 85.33 | OK | |
r-devel-linux-x86_64-debian-gcc | 0.0.1 | 0.33 | 1.73 | 2.06 | ERROR | |
r-devel-linux-x86_64-fedora-clang | 0.0.1 | 106.58 | OK | |||
r-devel-linux-x86_64-fedora-gcc | 0.0.1 | 96.38 | OK | |||
r-devel-windows-x86_64 | 0.0.1 | 8.00 | 74.00 | 82.00 | OK | |
r-patched-linux-x86_64 | 0.0.1 | 14.34 | 72.34 | 86.68 | OK | |
r-release-linux-x86_64 | 0.0.1 | 7.13 | 69.76 | 76.89 | OK | |
r-release-macos-arm64 | 0.0.1 | 31.00 | OK | |||
r-release-macos-x86_64 | 0.0.1 | 48.00 | OK | |||
r-release-windows-x86_64 | 0.0.1 | 9.00 | 71.00 | 80.00 | OK | |
r-oldrel-macos-arm64 | 0.0.1 | 35.00 | OK | |||
r-oldrel-macos-x86_64 | 0.0.1 | 46.00 | OK | |||
r-oldrel-windows-x86_64 | 0.0.1 | 10.00 | 85.00 | 95.00 | OK |
Version: 0.0.1
Check: package dependencies
Result: ERROR
Packages required but not available:
'ggplot2', 'forecast', 'imputeTS', 'dplyr'
Package suggested but not available for checking: ‘testthat’
See section ‘The DESCRIPTION file’ in the ‘Writing R Extensions’
manual.
Flavor: r-devel-linux-x86_64-debian-gcc