CRAN Package Check Results for Package kmer

Last updated on 2025-07-04 00:50:06 CEST.

Flavor Version Tinstall Tcheck Ttotal Status Flags
r-devel-linux-x86_64-debian-clang 1.1.2 16.34 46.39 62.73 NOTE
r-devel-linux-x86_64-debian-gcc 1.1.2 10.16 36.69 46.85 NOTE
r-devel-linux-x86_64-fedora-clang 1.1.2 96.06 NOTE
r-devel-linux-x86_64-fedora-gcc 1.1.2 98.15 NOTE
r-devel-windows-x86_64 1.1.2 16.00 78.00 94.00 NOTE
r-patched-linux-x86_64 1.1.2 13.03 43.08 56.11 NOTE
r-release-linux-x86_64 1.1.2 13.44 43.10 56.54 NOTE
r-release-macos-arm64 1.1.2 53.00 NOTE
r-release-macos-x86_64 1.1.2 71.00 NOTE
r-release-windows-x86_64 1.1.2 17.00 78.00 95.00 NOTE
r-oldrel-macos-arm64 1.1.2 33.00 NOTE
r-oldrel-macos-x86_64 1.1.2 51.00 NOTE
r-oldrel-windows-x86_64 1.1.2 21.00 96.00 117.00 NOTE

Check Details

Version: 1.1.2
Check: CRAN incoming feasibility
Result: NOTE Maintainer: ‘Shaun Wilkinson <shaunpwilkinson@gmail.com>’ Package CITATION file contains call(s) to old-style personList() or as.personList(). Please use c() on person objects instead. Package CITATION file contains call(s) to old-style citEntry(). Please use bibentry() instead. Flavors: r-devel-linux-x86_64-debian-clang, r-devel-linux-x86_64-debian-gcc

Version: 1.1.2
Check: C++ specification
Result: NOTE Specified C++11: please drop specification unless essential Flavors: r-devel-linux-x86_64-debian-clang, r-devel-linux-x86_64-debian-gcc, r-devel-linux-x86_64-fedora-clang, r-devel-linux-x86_64-fedora-gcc, r-devel-windows-x86_64, r-patched-linux-x86_64, r-release-linux-x86_64, r-release-macos-arm64, r-release-macos-x86_64, r-release-windows-x86_64, r-oldrel-macos-arm64, r-oldrel-macos-x86_64, r-oldrel-windows-x86_64

Version: 1.1.2
Check: LazyData
Result: NOTE 'LazyData' is specified without a 'data' directory Flavors: r-oldrel-macos-arm64, r-oldrel-macos-x86_64, r-oldrel-windows-x86_64