CRAN Package Check Results for Package keyringr

Last updated on 2025-07-04 00:50:06 CEST.

Flavor Version Tinstall Tcheck Ttotal Status Flags
r-devel-linux-x86_64-debian-clang 0.4.0 1.65 23.27 24.92 NOTE
r-devel-linux-x86_64-debian-gcc 0.4.0 1.36 19.11 20.47 NOTE
r-devel-linux-x86_64-fedora-clang 0.4.0 37.31 OK
r-devel-linux-x86_64-fedora-gcc 0.4.0 48.18 OK
r-devel-windows-x86_64 0.4.0 3.00 48.00 51.00 OK
r-patched-linux-x86_64 0.4.0 1.61 21.06 22.67 OK
r-release-linux-x86_64 0.4.0 1.35 20.96 22.31 OK
r-release-macos-arm64 0.4.0 34.00 OK
r-release-macos-x86_64 0.4.0 46.00 OK
r-release-windows-x86_64 0.4.0 3.00 49.00 52.00 OK
r-oldrel-macos-arm64 0.4.0 23.00 NOTE
r-oldrel-macos-x86_64 0.4.0 35.00 NOTE
r-oldrel-windows-x86_64 0.4.0 4.00 52.00 56.00 NOTE

Check Details

Version: 0.4.0
Check: CRAN incoming feasibility
Result: NOTE Maintainer: ‘Josh Gilfillan <joshua.i.gilfillan+keyringr@gmail.com>’ No Authors@R field in DESCRIPTION. Please add one, modifying Authors@R: person(given = "Josh", family = "Gilfillan", role = c("aut", "cre"), email = "joshua.i.gilfillan+keyringr@gmail.com") as necessary. Flavors: r-devel-linux-x86_64-debian-clang, r-devel-linux-x86_64-debian-gcc

Version: 0.4.0
Check: LazyData
Result: NOTE 'LazyData' is specified without a 'data' directory Flavors: r-oldrel-macos-arm64, r-oldrel-macos-x86_64, r-oldrel-windows-x86_64