Last updated on 2024-07-18 01:55:34 CEST.
Flavor | Version | Tinstall | Tcheck | Ttotal | Status | Flags |
---|---|---|---|---|---|---|
r-devel-linux-x86_64-debian-clang | 0.4.5 | 25.31 | 57.49 | 82.80 | OK | |
r-devel-linux-x86_64-debian-gcc | 0.4.5 | 16.16 | 42.88 | 59.04 | OK | |
r-devel-linux-x86_64-fedora-clang | 0.4.5 | 110.62 | OK | |||
r-devel-linux-x86_64-fedora-gcc | 0.4.5 | 108.22 | OK | |||
r-devel-windows-x86_64 | 0.4.5 | 22.00 | 82.00 | 104.00 | NOTE | |
r-patched-linux-x86_64 | 0.4.5 | 28.14 | 54.27 | 82.41 | OK | |
r-release-linux-x86_64 | 0.4.5 | 22.72 | 54.84 | 77.56 | OK | |
r-release-macos-arm64 | 0.4.5 | 34.00 | OK | |||
r-release-macos-x86_64 | 0.4.5 | 66.00 | OK | |||
r-release-windows-x86_64 | 0.4.5 | 22.00 | 82.00 | 104.00 | OK | |
r-oldrel-macos-arm64 | 0.4.5 | 38.00 | OK | |||
r-oldrel-macos-x86_64 | 0.4.5 | 64.00 | OK | |||
r-oldrel-windows-x86_64 | 0.4.5 | 28.00 | 95.00 | 123.00 | OK |
Version: 0.4.5
Check: Rd cross-references
Result: NOTE
Found the following Rd file(s) with Rd \link{} targets missing package
anchors:
contour.kdevinecop.Rd: contour.kdecopula
kdevinecop.Rd: kdecopula
Please provide package anchors for all Rd \link{} targets not in the
package itself and the base packages.
Flavor: r-devel-windows-x86_64