Last updated on 2025-11-03 12:49:55 CET.
| Flavor | Version | Tinstall | Tcheck | Ttotal | Status | Flags | 
|---|---|---|---|---|---|---|
| r-devel-linux-x86_64-debian-clang | 0.2.6 | 4.57 | 72.39 | 76.96 | NOTE | |
| r-devel-linux-x86_64-debian-gcc | 0.2.6 | 3.12 | 53.67 | 56.79 | NOTE | |
| r-devel-linux-x86_64-fedora-clang | 0.2.6 | 29.00 | 94.99 | 123.99 | NOTE | |
| r-devel-linux-x86_64-fedora-gcc | 0.2.6 | 11.00 | 110.20 | 121.20 | NOTE | |
| r-devel-windows-x86_64 | 0.2.6 | 6.00 | 88.00 | 94.00 | NOTE | |
| r-patched-linux-x86_64 | 0.2.6 | 4.94 | 67.48 | 72.42 | NOTE | |
| r-release-linux-x86_64 | 0.2.6 | 5.01 | 67.53 | 72.54 | NOTE | |
| r-release-macos-arm64 | 0.2.6 | 2.00 | 45.00 | 47.00 | NOTE | |
| r-release-macos-x86_64 | 0.2.6 | 6.00 | 91.00 | 97.00 | OK | |
| r-release-windows-x86_64 | 0.2.6 | 7.00 | 86.00 | 93.00 | NOTE | |
| r-oldrel-macos-arm64 | 0.2.6 | 2.00 | 42.00 | 44.00 | OK | |
| r-oldrel-macos-x86_64 | 0.2.6 | 4.00 | 85.00 | 89.00 | OK | |
| r-oldrel-windows-x86_64 | 0.2.6 | 8.00 | 109.00 | 117.00 | OK | 
Version: 0.2.6
Check: CRAN incoming feasibility
Result: NOTE
  Maintainer: ‘Gjalt-Jorn Peters <justifier@opens.science>’
  
  Found the following (possibly) invalid URLs:
    URL: https:yaml.org
      From: DESCRIPTION
      Message: Invalid URL: missing authority part
Flavors: r-devel-linux-x86_64-debian-clang, r-devel-linux-x86_64-debian-gcc
Version: 0.2.6
Check: DESCRIPTION meta-information
Result: NOTE
    Missing dependency on R >= 4.1.0 because package code uses the pipe
    |> or function shorthand \(...) syntax added in R 4.1.0.
    File(s) using such syntax:
      ‘export_to_json.Rd’ ‘import_from_json.Rd’
Flavors: r-devel-linux-x86_64-debian-clang, r-devel-linux-x86_64-debian-gcc, r-devel-linux-x86_64-fedora-clang, r-devel-linux-x86_64-fedora-gcc, r-devel-windows-x86_64, r-patched-linux-x86_64, r-release-linux-x86_64, r-release-macos-arm64, r-release-windows-x86_64