Last updated on 2025-11-03 12:49:54 CET.
| Flavor | Version | Tinstall | Tcheck | Ttotal | Status | Flags | 
|---|---|---|---|---|---|---|
| r-devel-linux-x86_64-debian-clang | 1.2.3 | 86.92 | 797.05 | 883.97 | OK | |
| r-devel-linux-x86_64-debian-gcc | 1.2.3 | 57.28 | 476.40 | 533.68 | OK | |
| r-devel-linux-x86_64-fedora-clang | 1.2.3 | 511.00 | 809.70 | 1320.70 | OK | |
| r-devel-linux-x86_64-fedora-gcc | 1.2.3 | 197.00 | 872.75 | 1069.75 | OK | |
| r-devel-windows-x86_64 | 1.2.3 | 89.00 | 605.00 | 694.00 | OK | |
| r-patched-linux-x86_64 | 1.2.3 | 0.21 | 1.95 | 2.16 | ERROR | |
| r-release-linux-x86_64 | 1.2.3 | 0.33 | 1.92 | 2.25 | ERROR | |
| r-release-macos-arm64 | 1.2.3 | 38.00 | 203.00 | 241.00 | OK | |
| r-release-macos-x86_64 | 1.2.3 | 69.00 | 412.00 | 481.00 | OK | |
| r-release-windows-x86_64 | 1.2.3 | 86.00 | 573.00 | 659.00 | OK | |
| r-oldrel-macos-arm64 | 1.2.3 | 39.00 | 207.00 | 246.00 | NOTE | |
| r-oldrel-macos-x86_64 | 1.2.3 | 75.00 | 431.00 | 506.00 | NOTE | |
| r-oldrel-windows-x86_64 | 1.2.3 | 122.00 | 775.00 | 897.00 | OK | 
Version: 1.2.3
Check: package dependencies
Result: ERROR
  Package required but not available: ‘scran’
  
  See section ‘The DESCRIPTION file’ in the ‘Writing R Extensions’
  manual.
Flavors: r-patched-linux-x86_64, r-release-linux-x86_64
Version: 1.2.3
Check: installed package size
Result: NOTE
    installed size is  5.6Mb
    sub-directories of 1Mb or more:
      libs   3.7Mb
Flavors: r-oldrel-macos-arm64, r-oldrel-macos-x86_64