Last updated on 2025-11-03 12:49:54 CET.
| Flavor | Version | Tinstall | Tcheck | Ttotal | Status | Flags | 
|---|---|---|---|---|---|---|
| r-devel-linux-x86_64-debian-clang | 0.2.4 | 5.77 | 127.53 | 133.30 | NOTE | |
| r-devel-linux-x86_64-debian-gcc | 0.2.4 | 2.87 | 88.69 | 91.56 | NOTE | |
| r-devel-linux-x86_64-fedora-clang | 0.2.4 | 14.00 | 169.26 | 183.26 | NOTE | |
| r-devel-linux-x86_64-fedora-gcc | 0.2.4 | 12.00 | 182.26 | 194.26 | NOTE | |
| r-devel-windows-x86_64 | 0.2.4 | 7.00 | 137.00 | 144.00 | NOTE | |
| r-patched-linux-x86_64 | 0.2.4 | 6.88 | 115.80 | 122.68 | NOTE | |
| r-release-linux-x86_64 | 0.2.4 | 5.28 | 118.20 | 123.48 | NOTE | |
| r-release-macos-arm64 | 0.2.4 | 3.00 | 79.00 | 82.00 | NOTE | |
| r-release-macos-x86_64 | 0.2.4 | 7.00 | 148.00 | 155.00 | NOTE | |
| r-release-windows-x86_64 | 0.2.4 | 7.00 | 135.00 | 142.00 | NOTE | |
| r-oldrel-macos-arm64 | 0.2.4 | 2.00 | 61.00 | 63.00 | OK | |
| r-oldrel-macos-x86_64 | 0.2.4 | 4.00 | 167.00 | 171.00 | OK | |
| r-oldrel-windows-x86_64 | 0.2.4 | 9.00 | 165.00 | 174.00 | OK | 
Version: 0.2.4
Check: DESCRIPTION meta-information
Result: NOTE
    Missing dependency on R >= 4.2.0 because package code uses the pipe
    placeholder syntax added in R 4.2.0.
    File(s) using such syntax:
      ‘joyn-merge.R’
Flavors: r-devel-linux-x86_64-debian-clang, r-devel-linux-x86_64-debian-gcc, r-devel-linux-x86_64-fedora-clang, r-devel-linux-x86_64-fedora-gcc, r-devel-windows-x86_64, r-patched-linux-x86_64, r-release-linux-x86_64, r-release-macos-arm64, r-release-macos-x86_64, r-release-windows-x86_64