Last updated on 2025-11-03 12:49:54 CET.
| Flavor | Version | Tinstall | Tcheck | Ttotal | Status | Flags | 
|---|---|---|---|---|---|---|
| r-devel-linux-x86_64-debian-clang | 3.16 | 7.29 | 70.31 | 77.60 | NOTE | |
| r-devel-linux-x86_64-debian-gcc | 3.16 | 6.01 | 50.84 | 56.85 | NOTE | |
| r-devel-linux-x86_64-fedora-clang | 3.16 | 21.00 | 93.44 | 114.44 | OK | |
| r-devel-linux-x86_64-fedora-gcc | 3.16 | 18.00 | 92.17 | 110.17 | OK | |
| r-devel-windows-x86_64 | 3.16 | 10.00 | 83.00 | 93.00 | OK | |
| r-patched-linux-x86_64 | 3.16 | 8.98 | 67.05 | 76.03 | OK | |
| r-release-linux-x86_64 | 3.16 | 8.92 | 67.49 | 76.41 | OK | |
| r-release-macos-arm64 | 3.16 | 5.00 | 34.00 | 39.00 | OK | |
| r-release-macos-x86_64 | 3.16 | 8.00 | 54.00 | 62.00 | OK | |
| r-release-windows-x86_64 | 3.16 | 9.00 | 80.00 | 89.00 | OK | |
| r-oldrel-macos-arm64 | 3.16 | 4.00 | 32.00 | 36.00 | OK | |
| r-oldrel-macos-x86_64 | 3.16 | 6.00 | 46.00 | 52.00 | OK | |
| r-oldrel-windows-x86_64 | 3.16 | 12.00 | 107.00 | 119.00 | OK | 
Version: 3.16
Check: CRAN incoming feasibility
Result: NOTE
  Maintainer: ‘Takeshi Emura <takeshiemura@gmail.com>’
  
  No Authors@R field in DESCRIPTION.
  Please add one, modifying
    Authors@R: person(given = "Takeshi",
                      family = "Emura",
                      role = c("aut", "cre"),
                      email = "takeshiemura@gmail.com")
  as necessary.
Flavors: r-devel-linux-x86_64-debian-clang, r-devel-linux-x86_64-debian-gcc