Last updated on 2025-11-03 12:49:54 CET.
| Flavor | Version | Tinstall | Tcheck | Ttotal | Status | Flags | 
|---|---|---|---|---|---|---|
| r-devel-linux-x86_64-debian-clang | 1.3.0 | 14.27 | 117.38 | 131.65 | NOTE | |
| r-devel-linux-x86_64-debian-gcc | 1.3.0 | 10.36 | 84.01 | 94.37 | NOTE | |
| r-devel-linux-x86_64-fedora-clang | 1.3.0 | 37.00 | 160.51 | 197.51 | OK | |
| r-devel-linux-x86_64-fedora-gcc | 1.3.0 | 30.00 | 156.32 | 186.32 | OK | |
| r-devel-windows-x86_64 | 1.3.0 | 15.00 | 111.00 | 126.00 | OK | |
| r-patched-linux-x86_64 | 1.3.0 | 14.41 | 111.64 | 126.05 | OK | |
| r-release-linux-x86_64 | 1.3.0 | 13.51 | 112.61 | 126.12 | OK | |
| r-release-macos-arm64 | 1.3.0 | 6.00 | 44.00 | 50.00 | OK | |
| r-release-macos-x86_64 | 1.3.0 | 10.00 | 113.00 | 123.00 | OK | |
| r-release-windows-x86_64 | 1.3.0 | 16.00 | 109.00 | 125.00 | OK | |
| r-oldrel-macos-arm64 | 1.3.0 | 5.00 | 42.00 | 47.00 | OK | |
| r-oldrel-macos-x86_64 | 1.3.0 | 8.00 | 66.00 | 74.00 | OK | |
| r-oldrel-windows-x86_64 | 1.3.0 | 23.00 | 143.00 | 166.00 | OK | 
Version: 1.3.0
Check: CRAN incoming feasibility
Result: NOTE
  Maintainer: ‘Giancarlo Vercellino <giancarlo.vercellino@gmail.com>’
  
  No Authors@R field in DESCRIPTION.
  Please add one, modifying
    Authors@R: person(given = "Giancarlo",
                      family = "Vercellino",
                      role = c("aut", "cre"),
                      email = "giancarlo.vercellino@gmail.com")
  as necessary.
Flavors: r-devel-linux-x86_64-debian-clang, r-devel-linux-x86_64-debian-gcc