Last updated on 2024-06-14 13:56:22 CEST.
Flavor | Version | Tinstall | Tcheck | Ttotal | Status | Flags |
---|---|---|---|---|---|---|
r-devel-linux-x86_64-debian-clang | 1.0.1 | 46.96 | 123.41 | 170.37 | OK | |
r-devel-linux-x86_64-debian-gcc | 1.0.1 | 28.55 | 90.70 | 119.25 | OK | |
r-devel-linux-x86_64-fedora-clang | 1.0.1 | 217.20 | NOTE | |||
r-devel-linux-x86_64-fedora-gcc | 1.0.1 | 219.43 | NOTE | |||
r-devel-windows-x86_64 | 1.0.1 | 35.00 | 127.00 | 162.00 | OK | |
r-patched-linux-x86_64 | 1.0.1 | 37.23 | 114.17 | 151.40 | OK | |
r-release-linux-x86_64 | 1.0.1 | 31.81 | 116.12 | 147.93 | OK | |
r-release-macos-arm64 | 1.0.1 | 61.00 | OK | |||
r-release-macos-x86_64 | 1.0.1 | 89.00 | OK | |||
r-release-windows-x86_64 | 1.0.1 | 37.00 | 139.00 | 176.00 | OK | |
r-oldrel-macos-arm64 | 1.0.1 | 68.00 | OK | |||
r-oldrel-macos-x86_64 | 1.0.1 | 103.00 | OK | |||
r-oldrel-windows-x86_64 | 1.0.1 | 45.00 | 153.00 | 198.00 | OK |
Version: 1.0.1
Check: data for non-ASCII characters
Result: NOTE
Note: found 58 marked UTF-8 strings
Flavors: r-devel-linux-x86_64-fedora-clang, r-devel-linux-x86_64-fedora-gcc