Last updated on 2024-07-18 01:55:33 CEST.
Flavor | Version | Tinstall | Tcheck | Ttotal | Status | Flags |
---|---|---|---|---|---|---|
r-devel-linux-x86_64-debian-clang | 1.2.1 | 11.81 | 101.60 | 113.41 | OK | |
r-devel-linux-x86_64-debian-gcc | 1.2.1 | 9.18 | 75.88 | 85.06 | OK | |
r-devel-linux-x86_64-fedora-clang | 1.2.1 | 142.84 | OK | |||
r-devel-linux-x86_64-fedora-gcc | 1.2.1 | 132.47 | OK | |||
r-devel-windows-x86_64 | 1.2.1 | 11.00 | 91.00 | 102.00 | NOTE | |
r-patched-linux-x86_64 | 1.2.1 | 12.61 | 99.27 | 111.88 | OK | |
r-release-linux-x86_64 | 1.2.1 | 7.25 | 98.92 | 106.17 | OK | |
r-release-macos-arm64 | 1.2.1 | 41.00 | OK | |||
r-release-macos-x86_64 | 1.2.1 | 60.00 | OK | |||
r-release-windows-x86_64 | 1.2.1 | 10.00 | 94.00 | 104.00 | OK | |
r-oldrel-macos-arm64 | 1.2.1 | 47.00 | OK | |||
r-oldrel-macos-x86_64 | 1.2.1 | 97.00 | OK | |||
r-oldrel-windows-x86_64 | 1.2.1 | 13.00 | 105.00 | 118.00 | OK |
Version: 1.2.1
Check: Rd cross-references
Result: NOTE
Found the following Rd file(s) with Rd \link{} targets missing package
anchors:
ipwpoint.Rd: multinom, polr
ipwtm.Rd: coxph, multinom, polr, geeglm
Please provide package anchors for all Rd \link{} targets not in the
package itself and the base packages.
Flavor: r-devel-windows-x86_64