Last updated on 2024-07-18 01:55:33 CEST.
Flavor | Version | Tinstall | Tcheck | Ttotal | Status | Flags |
---|---|---|---|---|---|---|
r-devel-linux-x86_64-debian-clang | 0.9-14 | 12.69 | 149.83 | 162.52 | OK | |
r-devel-linux-x86_64-debian-gcc | 0.9-14 | 8.49 | 108.56 | 117.05 | OK | |
r-devel-linux-x86_64-fedora-clang | 0.9-14 | 214.08 | OK | |||
r-devel-linux-x86_64-fedora-gcc | 0.9-14 | 200.81 | OK | |||
r-devel-windows-x86_64 | 0.9-14 | 15.00 | 143.00 | 158.00 | NOTE | |
r-patched-linux-x86_64 | 0.9-14 | 13.53 | 145.79 | 159.32 | OK | |
r-release-linux-x86_64 | 0.9-14 | 11.77 | 138.53 | 150.30 | OK | |
r-release-macos-arm64 | 0.9-14 | 62.00 | OK | |||
r-release-macos-x86_64 | 0.9-14 | 113.00 | OK | |||
r-release-windows-x86_64 | 0.9-14 | 15.00 | 148.00 | 163.00 | OK | |
r-oldrel-macos-arm64 | 0.9-14 | 68.00 | OK | |||
r-oldrel-macos-x86_64 | 0.9-14 | 125.00 | OK | |||
r-oldrel-windows-x86_64 | 0.9-14 | 19.00 | 161.00 | 180.00 | OK |
Version: 0.9-14
Check: Rd cross-references
Result: NOTE
Found the following Rd file(s) with Rd \link{} targets missing package
anchors:
bagging.Rd: lda
Please provide package anchors for all Rd \link{} targets not in the
package itself and the base packages.
Flavor: r-devel-windows-x86_64