Last updated on 2025-11-03 12:49:54 CET.
| Flavor | Version | Tinstall | Tcheck | Ttotal | Status | Flags | 
|---|---|---|---|---|---|---|
| r-devel-linux-x86_64-debian-clang | 0.2.4 | 2.26 | 23.80 | 26.06 | NOTE | |
| r-devel-linux-x86_64-debian-gcc | 0.2.4 | 1.97 | 19.98 | 21.95 | NOTE | |
| r-devel-linux-x86_64-fedora-clang | 0.2.4 | 11.00 | 30.55 | 41.55 | OK | |
| r-devel-linux-x86_64-fedora-gcc | 0.2.4 | 35.98 | OK | |||
| r-devel-windows-x86_64 | 0.2.4 | 3.00 | 44.00 | 47.00 | OK | |
| r-patched-linux-x86_64 | 0.2.4 | 2.65 | 22.51 | 25.16 | OK | |
| r-release-linux-x86_64 | 0.2.4 | 2.59 | 22.56 | 25.15 | OK | |
| r-release-macos-arm64 | 0.2.4 | 1.00 | 17.00 | 18.00 | OK | |
| r-release-macos-x86_64 | 0.2.4 | 2.00 | 26.00 | 28.00 | OK | |
| r-release-windows-x86_64 | 0.2.4 | 4.00 | 43.00 | 47.00 | OK | |
| r-oldrel-macos-arm64 | 0.2.4 | 1.00 | 15.00 | 16.00 | OK | |
| r-oldrel-macos-x86_64 | 0.2.4 | 2.00 | 21.00 | 23.00 | OK | |
| r-oldrel-windows-x86_64 | 0.2.4 | 5.00 | 51.00 | 56.00 | OK | 
Version: 0.2.4
Check: CRAN incoming feasibility
Result: NOTE
  Maintainer: ‘Pablo Barbera <pbarbera@usc.edu>’
  
  No Authors@R field in DESCRIPTION.
  Please add one, modifying
    Authors@R: c(person(given = "Pablo",
                        family = "Barbera",
                        role = c("aut", "cre"),
                        email = "pbarbera@usc.edu"),
                 person(given = "Tiago",
                        family = "Dantas",
                        role = "ctb"),
                 person(given = "Jonne",
                        family = "Guyt",
                        role = "ctb"))
  as necessary.
Flavors: r-devel-linux-x86_64-debian-clang, r-devel-linux-x86_64-debian-gcc