Last updated on 2024-06-14 00:53:46 CEST.
Flavor | Version | Tinstall | Tcheck | Ttotal | Status | Flags |
---|---|---|---|---|---|---|
r-devel-linux-x86_64-debian-clang | 2.10.1 | 29.68 | 297.91 | 327.59 | NOTE | |
r-devel-linux-x86_64-debian-gcc | 2.10.1 | 0.72 | 1.84 | 2.56 | ERROR | |
r-devel-linux-x86_64-fedora-clang | 2.10.1 | 298.65 | OK | |||
r-devel-linux-x86_64-fedora-gcc | 2.10.1 | 332.68 | OK | |||
r-devel-windows-x86_64 | 2.10.1 | 24.00 | 237.00 | 261.00 | OK | |
r-patched-linux-x86_64 | 2.10.1 | 35.70 | 282.71 | 318.41 | NOTE | |
r-release-linux-x86_64 | 2.10.1 | 23.60 | 288.58 | 312.18 | NOTE | |
r-release-macos-arm64 | 2.10.1 | 100.00 | NOTE | |||
r-release-macos-x86_64 | 2.10.1 | 185.00 | NOTE | |||
r-release-windows-x86_64 | 2.10.1 | 28.00 | 234.00 | 262.00 | OK | |
r-oldrel-macos-arm64 | 2.10.1 | 128.00 | NOTE | |||
r-oldrel-macos-x86_64 | 2.10.1 | 209.00 | NOTE | |||
r-oldrel-windows-x86_64 | 2.10.1 | 31.00 | 293.00 | 324.00 | NOTE |
Version: 2.10.1
Check: package dependencies
Result: NOTE
Package suggested but not available for checking: ‘INLA’
Flavors: r-devel-linux-x86_64-debian-clang, r-patched-linux-x86_64, r-release-linux-x86_64, r-release-macos-arm64, r-release-macos-x86_64, r-oldrel-macos-arm64, r-oldrel-macos-x86_64, r-oldrel-windows-x86_64
Version: 2.10.1
Check: package dependencies
Result: ERROR
Packages required but not available: 'fmesher', 'dplyr', 'tibble'
Packages suggested but not available for checking:
'ggmap', 'ggplot2', 'INLA', 'patchwork', 'tidyterra', 'testthat',
'tidyr', 'DiagrammeR'
See section ‘The DESCRIPTION file’ in the ‘Writing R Extensions’
manual.
Flavor: r-devel-linux-x86_64-debian-gcc