Last updated on 2024-06-14 13:56:22 CEST.
Flavor | Version | Tinstall | Tcheck | Ttotal | Status | Flags |
---|---|---|---|---|---|---|
r-devel-linux-x86_64-debian-clang | 0.1 | 54.45 | 36.47 | 90.92 | NOTE | |
r-devel-linux-x86_64-debian-gcc | 0.1 | 33.83 | 33.35 | 67.18 | NOTE | |
r-devel-linux-x86_64-fedora-clang | 0.1 | 143.65 | NOTE | |||
r-devel-linux-x86_64-fedora-gcc | 0.1 | 130.68 | NOTE | |||
r-devel-windows-x86_64 | 0.1 | 39.00 | 73.00 | 112.00 | NOTE | |
r-patched-linux-x86_64 | 0.1 | 39.27 | 42.62 | 81.89 | NOTE | |
r-release-linux-x86_64 | 0.1 | 39.81 | 41.24 | 81.05 | NOTE | |
r-release-macos-arm64 | 0.1 | 29.00 | NOTE | |||
r-release-macos-x86_64 | 0.1 | 40.00 | NOTE | |||
r-release-windows-x86_64 | 0.1 | 37.00 | 78.00 | 115.00 | NOTE | |
r-oldrel-macos-arm64 | 0.1 | 36.00 | NOTE | |||
r-oldrel-macos-x86_64 | 0.1 | 56.00 | NOTE | |||
r-oldrel-windows-x86_64 | 0.1 | 38.00 | 79.00 | 117.00 | NOTE |
Version: 0.1
Check: C++ specification
Result: NOTE
Specified C++11: please drop specification unless essential
Flavors: r-devel-linux-x86_64-debian-clang, r-devel-linux-x86_64-debian-gcc, r-devel-linux-x86_64-fedora-clang, r-devel-linux-x86_64-fedora-gcc, r-devel-windows-x86_64, r-patched-linux-x86_64, r-release-linux-x86_64, r-release-macos-arm64, r-release-macos-x86_64, r-release-windows-x86_64, r-oldrel-macos-arm64, r-oldrel-macos-x86_64, r-oldrel-windows-x86_64