Last updated on 2025-11-03 12:49:54 CET.
| Flavor | Version | Tinstall | Tcheck | Ttotal | Status | Flags | 
|---|---|---|---|---|---|---|
| r-devel-linux-x86_64-debian-clang | 1.0.1 | 1.93 | 22.39 | 24.32 | NOTE | |
| r-devel-linux-x86_64-debian-gcc | 1.0.1 | 1.47 | 18.15 | 19.62 | NOTE | |
| r-devel-linux-x86_64-fedora-clang | 1.0.1 | 33.58 | OK | |||
| r-devel-linux-x86_64-fedora-gcc | 1.0.1 | 30.67 | OK | |||
| r-devel-windows-x86_64 | 1.0.1 | 2.00 | 40.00 | 42.00 | OK | |
| r-patched-linux-x86_64 | 1.0.1 | 1.97 | 20.44 | 22.41 | OK | |
| r-release-linux-x86_64 | 1.0.1 | 1.70 | 20.10 | 21.80 | OK | |
| r-release-macos-arm64 | 1.0.1 | 1.00 | 19.00 | 20.00 | OK | |
| r-release-macos-x86_64 | 1.0.1 | 2.00 | 23.00 | 25.00 | OK | |
| r-release-windows-x86_64 | 1.0.1 | 3.00 | 39.00 | 42.00 | OK | |
| r-oldrel-macos-arm64 | 1.0.1 | 1.00 | 14.00 | 15.00 | OK | |
| r-oldrel-macos-x86_64 | 1.0.1 | 2.00 | 18.00 | 20.00 | OK | |
| r-oldrel-windows-x86_64 | 1.0.1 | 4.00 | 45.00 | 49.00 | OK | 
Version: 1.0.1
Check: CRAN incoming feasibility
Result: NOTE
  Maintainer: ‘Gabor Csardi <csardi.gabor@gmail.com>’
  
  No Authors@R field in DESCRIPTION.
  Please add one, modifying
    Authors@R: person(given = "Gabor",
                      family = "Csardi",
                      role = c("aut", "cre"),
                      email = "csardi.gabor@gmail.com")
  as necessary.
  
  Found the following (possibly) invalid file URI:
    URI: LICENSE
      From: inst/README.md
Flavors: r-devel-linux-x86_64-debian-clang, r-devel-linux-x86_64-debian-gcc