Last updated on 2025-11-21 12:49:53 CET.
| Flavor | Version | Tinstall | Tcheck | Ttotal | Status | Flags |
|---|---|---|---|---|---|---|
| r-devel-linux-x86_64-fedora-clang | 1.0.0 | 20.00 | 92.91 | 112.91 | OK | |
| r-devel-linux-x86_64-fedora-gcc | 1.0.0 | 28.00 | 94.52 | 122.52 | OK | |
| r-release-macos-arm64 | 1.0.0 | 0.00 | 4.00 | 4.00 | ERROR | |
| r-release-macos-x86_64 | 1.0.0 | 16.00 | 106.00 | 122.00 | OK | |
| r-oldrel-macos-arm64 | 1.0.0 | 0.00 | 9.00 | 9.00 | ERROR | |
| r-oldrel-macos-x86_64 | 1.0.0 | 18.00 | 106.00 | 124.00 | OK |
Version: 1.0.0
Check: whether package can be installed
Result: ERROR
Installation failed.
Flavors: r-release-macos-arm64, r-oldrel-macos-arm64