Last updated on 2024-06-14 00:53:45 CEST.
Flavor | Version | Tinstall | Tcheck | Ttotal | Status | Flags |
---|---|---|---|---|---|---|
r-devel-linux-x86_64-debian-clang | 2.0.0 | 6.92 | 57.19 | 64.11 | OK | |
r-devel-linux-x86_64-debian-gcc | 2.0.0 | 4.81 | 34.66 | 39.47 | ERROR | |
r-devel-linux-x86_64-fedora-clang | 2.0.0 | 76.55 | OK | |||
r-devel-linux-x86_64-fedora-gcc | 2.0.0 | 73.36 | OK | |||
r-devel-windows-x86_64 | 2.0.0 | 5.00 | 62.00 | 67.00 | OK | |
r-patched-linux-x86_64 | 2.0.0 | 6.29 | 54.44 | 60.73 | OK | |
r-release-linux-x86_64 | 2.0.0 | 5.17 | 54.53 | 59.70 | OK | |
r-release-macos-arm64 | 2.0.0 | 25.00 | OK | |||
r-release-macos-x86_64 | 2.0.0 | 41.00 | OK | |||
r-release-windows-x86_64 | 2.0.0 | 7.00 | 80.00 | 87.00 | OK | |
r-oldrel-macos-arm64 | 2.0.0 | 29.00 | OK | |||
r-oldrel-macos-x86_64 | 2.0.0 | 64.00 | OK | |||
r-oldrel-windows-x86_64 | 2.0.0 | 6.00 | 70.00 | 76.00 | OK |
Version: 2.0.0
Check: package dependencies
Result: NOTE
Package suggested but not available for checking: ‘testthat’
Flavor: r-devel-linux-x86_64-debian-gcc
Version: 2.0.0
Check: tests
Result: ERROR
Running ‘testthat.R’ [0s/1s]
Running the tests in ‘tests/testthat.R’ failed.
Complete output:
> library(testthat)
Error in library(testthat) : there is no package called 'testthat'
Execution halted
Flavor: r-devel-linux-x86_64-debian-gcc