Last updated on 2025-11-03 12:49:54 CET.
| Flavor | Version | Tinstall | Tcheck | Ttotal | Status | Flags | 
|---|---|---|---|---|---|---|
| r-devel-linux-x86_64-debian-clang | 0.2.0 | 76.59 | 28.84 | 105.43 | OK | |
| r-devel-linux-x86_64-debian-gcc | 0.2.0 | 54.26 | 24.10 | 78.36 | OK | |
| r-devel-linux-x86_64-fedora-clang | 0.2.0 | 137.00 | 22.13 | 159.13 | OK | |
| r-devel-linux-x86_64-fedora-gcc | 0.2.0 | 164.00 | 4.68 | 168.68 | OK | |
| r-devel-windows-x86_64 | 0.2.0 | 69.00 | 69.00 | 138.00 | OK | |
| r-patched-linux-x86_64 | 0.2.0 | 71.94 | 27.01 | 98.95 | OK | |
| r-release-linux-x86_64 | 0.2.0 | 73.72 | 27.12 | 100.84 | OK | |
| r-release-macos-arm64 | 0.2.0 | 40.00 | 17.00 | 57.00 | OK | |
| r-release-macos-x86_64 | 0.2.0 | 83.00 | 29.00 | 112.00 | OK | |
| r-release-windows-x86_64 | 0.2.0 | 69.00 | 70.00 | 139.00 | OK | |
| r-oldrel-macos-arm64 | 0.2.0 | 32.00 | 20.00 | 52.00 | NOTE | |
| r-oldrel-macos-x86_64 | 0.2.0 | 93.00 | 32.00 | 125.00 | NOTE | |
| r-oldrel-windows-x86_64 | 0.2.0 | 74.00 | 85.00 | 159.00 | OK | 
Version: 0.2.0
Check: installed package size
Result: NOTE
    installed size is 23.5Mb
    sub-directories of 1Mb or more:
      libs  23.3Mb
Flavors: r-oldrel-macos-arm64, r-oldrel-macos-x86_64