Last updated on 2025-07-05 13:48:26 CEST.
Flavor | Version | Tinstall | Tcheck | Ttotal | Status | Flags |
---|---|---|---|---|---|---|
r-devel-linux-x86_64-debian-clang | 3.1-0 | 31.84 | 331.60 | 363.44 | NOTE | |
r-devel-linux-x86_64-debian-gcc | 3.1-0 | 24.85 | 212.94 | 237.79 | NOTE | |
r-devel-linux-x86_64-fedora-clang | 3.1-0 | 608.99 | NOTE | |||
r-devel-linux-x86_64-fedora-gcc | 3.1-0 | 540.66 | NOTE | |||
r-devel-windows-x86_64 | 3.1-0 | 39.00 | 373.00 | 412.00 | NOTE | |
r-patched-linux-x86_64 | 3.1-0 | 33.30 | 317.77 | 351.07 | NOTE | |
r-release-linux-x86_64 | 3.1-0 | 31.11 | 315.46 | 346.57 | NOTE | |
r-release-macos-arm64 | 3.1-0 | 166.00 | NOTE | |||
r-release-macos-x86_64 | 3.1-0 | 347.00 | NOTE | |||
r-release-windows-x86_64 | 3.1-0 | 37.00 | 369.00 | 406.00 | NOTE | |
r-oldrel-macos-arm64 | 3.1-0 | 152.00 | OK | |||
r-oldrel-macos-x86_64 | 3.1-0 | 583.00 | OK | |||
r-oldrel-windows-x86_64 | 3.1-0 | 49.00 | 493.00 | 542.00 | OK |
Version: 3.1-0
Check: DESCRIPTION meta-information
Result: NOTE
Missing dependency on R >= 4.1.0 because package code uses the pipe
|> or function shorthand \(...) syntax added in R 4.1.0.
File(s) using such syntax:
‘psubs.Rd’ ‘pwa.Rd’ ‘tennis.Rd’
Flavors: r-devel-linux-x86_64-debian-clang, r-devel-linux-x86_64-debian-gcc, r-devel-linux-x86_64-fedora-clang, r-devel-linux-x86_64-fedora-gcc, r-devel-windows-x86_64, r-patched-linux-x86_64, r-release-linux-x86_64, r-release-macos-arm64, r-release-macos-x86_64, r-release-windows-x86_64