Last updated on 2025-07-04 00:50:05 CEST.
Flavor | Version | Tinstall | Tcheck | Ttotal | Status | Flags |
---|---|---|---|---|---|---|
r-devel-linux-x86_64-debian-clang | 0.5.10 | 39.99 | 367.16 | 407.15 | OK | |
r-devel-linux-x86_64-debian-gcc | 0.5.10 | 21.47 | 238.36 | 259.83 | OK | |
r-devel-linux-x86_64-fedora-clang | 0.5.10 | 662.30 | OK | |||
r-devel-linux-x86_64-fedora-gcc | 0.5.10 | 594.07 | OK | |||
r-devel-windows-x86_64 | 0.5.10 | 35.00 | 285.00 | 320.00 | OK | |
r-patched-linux-x86_64 | 0.5.10 | 40.54 | 356.86 | 397.40 | OK | |
r-release-linux-x86_64 | 0.5.10 | 34.92 | 356.01 | 390.93 | OK | |
r-release-macos-arm64 | 0.5.10 | 268.00 | OK | |||
r-release-macos-x86_64 | 0.5.10 | 546.00 | OK | |||
r-release-windows-x86_64 | 0.5.10 | 33.00 | 291.00 | 324.00 | OK | |
r-oldrel-macos-arm64 | 0.5.10 | 242.00 | OK | |||
r-oldrel-macos-x86_64 | 0.5.10 | 408.00 | OK | |||
r-oldrel-windows-x86_64 | 0.5.10 | 51.00 | 48.00 | 99.00 | ERROR |
Version: 0.5.10
Check: whether the package can be loaded
Result: ERROR
Loading this package had a fatal error status code 1
Loading log:
Loading required package: sf
Linking to GEOS 3.13.0, GDAL 3.10.1, PROJ 9.5.1; sf_use_s2() is TRUE
Loading required package: terra
terra 1.8.54
Loading required package: raster
Loading required package: sp
Loading required package: hyd1d
Error: package or namespace load failed for 'hyd1d':
.onLoad failed in loadNamespace() for 'hyd1d', details:
call: readRDS(file_data)
error: error reading from connection
Error: package 'hyd1d' could not be loaded
Execution halted
Flavor: r-oldrel-windows-x86_64