Last updated on 2025-11-03 12:49:54 CET.
| Flavor | Version | Tinstall | Tcheck | Ttotal | Status | Flags | 
|---|---|---|---|---|---|---|
| r-devel-linux-x86_64-debian-clang | 1.3.3 | 178.44 | 37.46 | 215.90 | NOTE | |
| r-devel-linux-x86_64-debian-gcc | 1.3.3 | 129.77 | 28.71 | 158.48 | NOTE | |
| r-devel-linux-x86_64-fedora-clang | 1.3.3 | 133.00 | 223.46 | 356.46 | OK | |
| r-devel-linux-x86_64-fedora-gcc | 1.3.3 | 125.00 | 262.44 | 387.44 | OK | |
| r-devel-windows-x86_64 | 1.3.3 | 191.00 | 90.00 | 281.00 | OK | |
| r-patched-linux-x86_64 | 1.3.3 | 188.55 | 35.17 | 223.72 | OK | |
| r-release-linux-x86_64 | 1.3.3 | 184.80 | 35.81 | 220.61 | OK | |
| r-release-macos-arm64 | 1.3.3 | 60.00 | 22.00 | 82.00 | OK | |
| r-release-macos-x86_64 | 1.3.3 | 49.00 | 37.00 | 86.00 | OK | |
| r-release-windows-x86_64 | 1.3.3 | 179.00 | 88.00 | 267.00 | OK | |
| r-oldrel-macos-arm64 | 1.3.3 | 30.00 | 17.00 | 47.00 | NOTE | |
| r-oldrel-macos-x86_64 | 1.3.3 | 21.00 | 26.00 | 47.00 | NOTE | |
| r-oldrel-windows-x86_64 | 1.3.3 | 234.00 | 106.00 | 340.00 | OK | 
Version: 1.3.3
Check: CRAN incoming feasibility
Result: NOTE
  Maintainer: ‘Potanin Bogdan <bogdanpotanin@gmail.com>’
  
  No Authors@R field in DESCRIPTION.
  Please add one, modifying
    Authors@R: person(given = "Potanin",
                      family = "Bogdan",
                      role = c("aut", "cre"),
                      email = "bogdanpotanin@gmail.com")
  as necessary.
Flavors: r-devel-linux-x86_64-debian-clang, r-devel-linux-x86_64-debian-gcc
Version: 1.3.3
Check: installed package size
Result: NOTE
    installed size is 16.9Mb
    sub-directories of 1Mb or more:
      libs  16.6Mb
Flavors: r-oldrel-macos-arm64, r-oldrel-macos-x86_64