Last updated on 2024-08-17 02:48:16 CEST.
Flavor | Version | Tinstall | Tcheck | Ttotal | Status | Flags |
---|---|---|---|---|---|---|
r-devel-linux-x86_64-debian-clang | 1.6 | 68.57 | 23.75 | 92.32 | NOTE | |
r-devel-linux-x86_64-debian-gcc | 1.6 | 38.11 | 18.51 | 56.62 | NOTE | |
r-devel-linux-x86_64-fedora-clang | 1.6 | 152.94 | OK | |||
r-devel-linux-x86_64-fedora-gcc | 1.6 | 148.58 | OK | |||
r-devel-windows-x86_64 | 1.6 | 66.00 | 65.00 | 131.00 | NOTE | |
r-patched-linux-x86_64 | 1.6 | 58.29 | 22.71 | 81.00 | OK | |
r-release-linux-x86_64 | 1.6 | 50.09 | 22.59 | 72.68 | OK | |
r-release-macos-arm64 | 1.6 | 41.00 | OK | |||
r-release-macos-x86_64 | 1.6 | 66.00 | OK | |||
r-release-windows-x86_64 | 1.6 | 68.00 | 61.00 | 129.00 | OK | |
r-oldrel-macos-arm64 | 1.6 | 44.00 | OK | |||
r-oldrel-macos-x86_64 | 1.6 | 78.00 | OK | |||
r-oldrel-windows-x86_64 | 1.6 | 65.00 | 153.00 | 218.00 | OK |
Version: 1.6
Check: Rd cross-references
Result: NOTE
Found the following Rd file(s) with Rd \link{} targets missing package
anchors:
hommel-class.Rd: select
Please provide package anchors for all Rd \link{} targets not in the
package itself and the base packages.
Flavors: r-devel-linux-x86_64-debian-clang, r-devel-linux-x86_64-debian-gcc, r-devel-windows-x86_64