Last updated on 2024-07-18 01:55:33 CEST.
Flavor | Version | Tinstall | Tcheck | Ttotal | Status | Flags |
---|---|---|---|---|---|---|
r-devel-linux-x86_64-debian-clang | 1.0-10 | 5.04 | 64.68 | 69.72 | OK | |
r-devel-linux-x86_64-debian-gcc | 1.0-10 | 4.28 | 45.95 | 50.23 | OK | |
r-devel-linux-x86_64-fedora-clang | 1.0-10 | 85.67 | NOTE | |||
r-devel-linux-x86_64-fedora-gcc | 1.0-10 | 80.25 | OK | |||
r-devel-windows-x86_64 | 1.0-10 | 5.00 | 63.00 | 68.00 | OK | |
r-patched-linux-x86_64 | 1.0-10 | 4.70 | 60.53 | 65.23 | OK | |
r-release-linux-x86_64 | 1.0-10 | 5.66 | 60.53 | 66.19 | OK | |
r-release-macos-arm64 | 1.0-10 | 25.00 | OK | |||
r-release-macos-x86_64 | 1.0-10 | 38.00 | OK | |||
r-release-windows-x86_64 | 1.0-10 | 6.00 | 63.00 | 69.00 | OK | |
r-oldrel-macos-arm64 | 1.0-10 | 26.00 | OK | |||
r-oldrel-macos-x86_64 | 1.0-10 | 40.00 | OK | |||
r-oldrel-windows-x86_64 | 1.0-10 | 7.00 | 71.00 | 78.00 | OK |
Version: 1.0-10
Check: Rd cross-references
Result: NOTE
Undeclared package ‘rgl’ in Rd xrefs
Flavor: r-devel-linux-x86_64-fedora-clang