Last updated on 2024-08-17 02:48:16 CEST.
Flavor | Version | Tinstall | Tcheck | Ttotal | Status | Flags |
---|---|---|---|---|---|---|
r-devel-linux-x86_64-debian-clang | 1.4.9 | 11.69 | 106.32 | 118.01 | NOTE | |
r-devel-linux-x86_64-debian-gcc | 1.4.9 | 8.54 | 74.67 | 83.21 | NOTE | |
r-devel-linux-x86_64-fedora-clang | 1.4.9 | 189.41 | OK | |||
r-devel-linux-x86_64-fedora-gcc | 1.4.9 | 181.85 | OK | |||
r-devel-windows-x86_64 | 1.4.9 | 13.00 | 117.00 | 130.00 | OK | |
r-patched-linux-x86_64 | 1.4.9 | 10.65 | 99.95 | 110.60 | NOTE | |
r-release-linux-x86_64 | 1.4.9 | 11.39 | 100.42 | 111.81 | NOTE | |
r-release-macos-arm64 | 1.4.9 | 52.00 | NOTE | |||
r-release-macos-x86_64 | 1.4.9 | 79.00 | NOTE | |||
r-release-windows-x86_64 | 1.4.9 | 12.00 | 117.00 | 129.00 | OK | |
r-oldrel-macos-arm64 | 1.4.9 | 59.00 | NOTE | |||
r-oldrel-macos-x86_64 | 1.4.9 | 108.00 | NOTE | |||
r-oldrel-windows-x86_64 | 1.4.9 | 17.00 | 145.00 | 162.00 | NOTE |
Version: 1.4.9
Check: package dependencies
Result: NOTE
Package suggested but not available for checking: ‘INLA’
Flavors: r-devel-linux-x86_64-debian-clang, r-devel-linux-x86_64-debian-gcc, r-patched-linux-x86_64, r-release-linux-x86_64, r-release-macos-arm64, r-release-macos-x86_64, r-oldrel-macos-arm64, r-oldrel-macos-x86_64, r-oldrel-windows-x86_64