Last updated on 2025-11-03 12:49:53 CET.
| Flavor | Version | Tinstall | Tcheck | Ttotal | Status | Flags | 
|---|---|---|---|---|---|---|
| r-devel-linux-x86_64-debian-clang | 0.1.1 | 10.67 | 150.89 | 161.56 | NOTE | |
| r-devel-linux-x86_64-debian-gcc | 0.1.1 | 8.95 | 134.87 | 143.82 | NOTE | |
| r-devel-linux-x86_64-fedora-clang | 0.1.1 | 23.00 | 208.98 | 231.98 | OK | |
| r-devel-linux-x86_64-fedora-gcc | 0.1.1 | 24.00 | 208.09 | 232.09 | OK | |
| r-devel-windows-x86_64 | 0.1.1 | 15.00 | 153.00 | 168.00 | OK | |
| r-patched-linux-x86_64 | 0.1.1 | 11.01 | 150.04 | 161.05 | OK | |
| r-release-linux-x86_64 | 0.1.1 | 10.61 | 146.54 | 157.15 | OK | |
| r-release-macos-arm64 | 0.1.1 | 7.00 | 94.00 | 101.00 | OK | |
| r-release-macos-x86_64 | 0.1.1 | 12.00 | 176.00 | 188.00 | OK | |
| r-release-windows-x86_64 | 0.1.1 | 17.00 | 146.00 | 163.00 | OK | |
| r-oldrel-macos-arm64 | 0.1.1 | 6.00 | 76.00 | 82.00 | OK | |
| r-oldrel-macos-x86_64 | 0.1.1 | 9.00 | 106.00 | 115.00 | OK | |
| r-oldrel-windows-x86_64 | 0.1.1 | 19.00 | 198.00 | 217.00 | OK | 
Version: 0.1.1
Check: CRAN incoming feasibility
Result: NOTE
  Maintainer: ‘Daniel P. Palomar <daniel.p.palomar@gmail.com>’
  
  Package CITATION file contains call(s) to old-style personList() or
  as.personList().  Please use c() on person objects instead.
  Package CITATION file contains call(s) to old-style citEntry().  Please
  use bibentry() instead.
  
  The Description field contains
    <arXiv:2008.00863>.  X. Wang, R. Zhou, J. Ying, and D. P. Palomar
    Parametric Skew-t Distribution." <arXiv:2206.02412>.
  Please refer to arXiv e-prints via their arXiv DOI <doi:10.48550/arXiv.YYMM.NNNNN>.
Flavors: r-devel-linux-x86_64-debian-clang, r-devel-linux-x86_64-debian-gcc