Last updated on 2025-11-03 12:49:53 CET.
| Flavor | Version | Tinstall | Tcheck | Ttotal | Status | Flags | 
|---|---|---|---|---|---|---|
| r-devel-linux-x86_64-debian-clang | 0.0.1 | 50.90 | 503.65 | 554.55 | OK | |
| r-devel-linux-x86_64-debian-gcc | 0.0.1 | 42.93 | 380.54 | 423.47 | OK | |
| r-devel-linux-x86_64-fedora-clang | 0.0.1 | 240.00 | 686.41 | 926.41 | OK | |
| r-devel-linux-x86_64-fedora-gcc | 0.0.1 | 116.00 | 692.54 | 808.54 | OK | |
| r-devel-windows-x86_64 | 0.0.1 | 53.00 | 473.00 | 526.00 | OK | |
| r-patched-linux-x86_64 | 0.0.1 | 0.29 | 2.09 | 2.38 | ERROR | |
| r-release-linux-x86_64 | 0.0.1 | 53.29 | 476.88 | 530.17 | OK | |
| r-release-macos-arm64 | 0.0.1 | 24.00 | 188.00 | 212.00 | OK | |
| r-release-macos-x86_64 | 0.0.1 | 15.00 | ERROR | |||
| r-release-windows-x86_64 | 0.0.1 | 49.00 | 409.00 | 458.00 | OK | |
| r-oldrel-macos-arm64 | 0.0.1 | 25.00 | 193.00 | 218.00 | OK | |
| r-oldrel-macos-x86_64 | 0.0.1 | 13.00 | ERROR | |||
| r-oldrel-windows-x86_64 | 0.0.1 | 71.00 | 553.00 | 624.00 | OK | 
Version: 0.0.1
Check: package dependencies
Result: ERROR
  Packages required but not available:
    'csaw', 'diffHic', 'GenomeInfoDb', 'InteractionSet',
    'SummarizedExperiment'
  
  See section ‘The DESCRIPTION file’ in the ‘Writing R Extensions’
  manual.
Flavor: r-patched-linux-x86_64
Version: 0.0.1
Check: package dependencies
Result: ERROR
  Package required but not available: ‘diffHic’
  
  See section ‘The DESCRIPTION file’ in the ‘Writing R Extensions’
  manual.
Flavors: r-release-macos-x86_64, r-oldrel-macos-x86_64