Last updated on 2024-07-18 01:55:33 CEST.
Flavor | Version | Tinstall | Tcheck | Ttotal | Status | Flags |
---|---|---|---|---|---|---|
r-devel-linux-x86_64-debian-clang | 0.13.3 | 11.94 | 101.97 | 113.91 | OK | |
r-devel-linux-x86_64-debian-gcc | 0.13.3 | 8.28 | 75.58 | 83.86 | OK | |
r-devel-linux-x86_64-fedora-clang | 0.13.3 | 139.41 | OK | |||
r-devel-linux-x86_64-fedora-gcc | 0.13.3 | 136.08 | OK | |||
r-devel-windows-x86_64 | 0.13.3 | 10.00 | 91.00 | 101.00 | NOTE | |
r-patched-linux-x86_64 | 0.13.3 | 14.52 | 95.50 | 110.02 | OK | |
r-release-linux-x86_64 | 0.13.3 | 11.50 | 93.27 | 104.77 | OK | |
r-release-macos-arm64 | 0.13.3 | 43.00 | OK | |||
r-release-macos-x86_64 | 0.13.3 | 73.00 | OK | |||
r-release-windows-x86_64 | 0.13.3 | 10.00 | 92.00 | 102.00 | OK | |
r-oldrel-macos-arm64 | 0.13.3 | 45.00 | OK | |||
r-oldrel-macos-x86_64 | 0.13.3 | 124.00 | OK | |||
r-oldrel-windows-x86_64 | 0.13.3 | 14.00 | 108.00 | 122.00 | OK |
Version: 0.13.3
Check: Rd cross-references
Result: NOTE
Found the following Rd file(s) with Rd \link{} targets missing package
anchors:
addGroups2WFUN.Rd: W_powerlaw, W_np
fitC.Rd: hhh4, update.hhh4
noroBE.Rd: sts-class, nbOrder, poly2adjmat
plotHHH4_fitted_groups.Rd: hhh4, plotHHH4_fitted
plotHHH4_maps_groups.Rd: plotHHH4_maps
plotHHH4_season_groups.Rd: plotHHH4_season, epochInYear
stsplothook.Rd: stsplot_time1
Please provide package anchors for all Rd \link{} targets not in the
package itself and the base packages.
Flavor: r-devel-windows-x86_64