CRAN Package Check Results for Package hcandersenr

Last updated on 2025-10-21 12:49:53 CEST.

Flavor Version Tinstall Tcheck Ttotal Status Flags
r-devel-linux-x86_64-debian-clang 0.2.0 4.31 21.73 26.04 OK
r-devel-linux-x86_64-debian-gcc 0.2.0 2.95 18.79 21.74 OK
r-devel-linux-x86_64-fedora-clang 0.2.0 13.00 24.09 37.09 OK
r-devel-linux-x86_64-fedora-gcc 0.2.0 33.57 OK
r-devel-windows-x86_64 0.2.0 6.00 37.00 43.00 OK
r-patched-linux-x86_64 0.2.0 4.49 19.70 24.19 OK
r-release-linux-x86_64 0.2.0 4.28 19.61 23.89 OK
r-release-macos-arm64 0.2.0 3.00 15.00 18.00 OK
r-release-macos-x86_64 0.2.0 9.00 24.00 33.00 OK
r-release-windows-x86_64 0.2.0 5.00 42.00 47.00 OK
r-oldrel-macos-arm64 0.2.0 3.00 14.00 17.00 OK
r-oldrel-macos-x86_64 0.2.0 32.00 NOTE
r-oldrel-windows-x86_64 0.2.0 6.00 37.00 43.00 OK

Check Details

Version: 0.2.0
Check: installed package size
Result: NOTE installed size is 5.3Mb sub-directories of 1Mb or more: data 4.5Mb Flavor: r-oldrel-macos-x86_64