Last updated on 2025-11-03 12:49:53 CET.
| Flavor | Version | Tinstall | Tcheck | Ttotal | Status | Flags | 
|---|---|---|---|---|---|---|
| r-devel-linux-x86_64-debian-clang | 1.10-3 | 1.56 | 31.83 | 33.39 | OK | |
| r-devel-linux-x86_64-debian-gcc | 1.10-3 | 1.48 | 25.99 | 27.47 | OK | |
| r-devel-linux-x86_64-fedora-clang | 1.10-3 | 45.29 | WARN | |||
| r-devel-linux-x86_64-fedora-gcc | 1.10-3 | 54.04 | WARN | |||
| r-devel-windows-x86_64 | 1.10-3 | 4.00 | 59.00 | 63.00 | OK | |
| r-patched-linux-x86_64 | 1.10-3 | 2.23 | 29.43 | 31.66 | OK | |
| r-release-linux-x86_64 | 1.10-3 | 1.74 | 29.55 | 31.29 | OK | |
| r-release-macos-arm64 | 1.10-3 | 1.00 | 27.00 | 28.00 | OK | |
| r-release-macos-x86_64 | 1.10-3 | 2.00 | 44.00 | 46.00 | OK | |
| r-release-windows-x86_64 | 1.10-3 | 3.00 | 58.00 | 61.00 | OK | |
| r-oldrel-macos-arm64 | 1.10-3 | 1.00 | 36.00 | 37.00 | OK | |
| r-oldrel-macos-x86_64 | 1.10-3 | 2.00 | 73.00 | 75.00 | OK | |
| r-oldrel-windows-x86_64 | 1.10-3 | 5.00 | 63.00 | 68.00 | OK | 
Version: 1.10-3
Check: re-building of vignette outputs
Result: WARN
  Error(s) in re-building vignettes:
  --- re-building ‘gumbel.Rnw’ using Sweave
  Error: processing vignette 'gumbel.Rnw' failed with diagnostics:
  Running 'texi2dvi' on 'gumbel.tex' failed.
  LaTeX errors:
  ! Undefined control sequence.
  \__hook begindocument ...fter {\bbl@main@language 
                                                    }\ifbbl@single \renewcomma...
  l.76 \begin{document}
                       
  ! Emergency stop.
  \__hook begindocument ...fter {\bbl@main@language 
                                                    }\ifbbl@single \renewcomma...
  l.76 \begin{document}
                       
  !  ==> Fatal error occurred, no output PDF file produced!
  --- failed re-building ‘gumbel.Rnw’
  
  SUMMARY: processing the following file failed:
    ‘gumbel.Rnw’
  
  Error: Vignette re-building failed.
  Execution halted
Flavors: r-devel-linux-x86_64-fedora-clang, r-devel-linux-x86_64-fedora-gcc