Last updated on 2025-11-03 12:49:53 CET.
| Flavor | Version | Tinstall | Tcheck | Ttotal | Status | Flags | 
|---|---|---|---|---|---|---|
| r-devel-linux-x86_64-debian-clang | 0.5-1 | 4.92 | 44.50 | 49.42 | NOTE | |
| r-devel-linux-x86_64-debian-gcc | 0.5-1 | 4.22 | 34.68 | 38.90 | NOTE | |
| r-devel-linux-x86_64-fedora-clang | 0.5-1 | 26.00 | 55.03 | 81.03 | OK | |
| r-devel-linux-x86_64-fedora-gcc | 0.5-1 | 11.00 | 60.43 | 71.43 | OK | |
| r-devel-windows-x86_64 | 0.5-1 | 6.00 | 57.00 | 63.00 | OK | |
| r-patched-linux-x86_64 | 0.5-1 | 4.17 | 44.38 | 48.55 | OK | |
| r-release-linux-x86_64 | 0.5-1 | 4.26 | 43.66 | 47.92 | OK | |
| r-release-macos-arm64 | 0.5-1 | 3.00 | 28.00 | 31.00 | OK | |
| r-release-macos-x86_64 | 0.5-1 | 5.00 | 41.00 | 46.00 | OK | |
| r-release-windows-x86_64 | 0.5-1 | 5.00 | 56.00 | 61.00 | OK | |
| r-oldrel-macos-arm64 | 0.5-1 | 2.00 | 25.00 | 27.00 | OK | |
| r-oldrel-macos-x86_64 | 0.5-1 | 6.00 | 54.00 | 60.00 | OK | |
| r-oldrel-windows-x86_64 | 0.5-1 | 9.00 | 68.00 | 77.00 | OK | 
Version: 0.5-1
Check: CRAN incoming feasibility
Result: NOTE
  Maintainer: ‘Paul Murrell <p.murrell@auckland.ac.nz>’
  
  No Authors@R field in DESCRIPTION.
  Please add one, modifying
    Authors@R: c(person(given = "Paul",
                        family = "Murrell",
                        role = c("aut", "cre"),
                        email = "p.murrell@auckland.ac.nz"),
                 person(given = "Velvet",
                        family = "Ly.",
                        role = "aut"))
  as necessary.
Flavors: r-devel-linux-x86_64-debian-clang, r-devel-linux-x86_64-debian-gcc