Last updated on 2025-11-03 12:49:53 CET.
| Flavor | Version | Tinstall | Tcheck | Ttotal | Status | Flags |
|---|---|---|---|---|---|---|
| r-devel-linux-x86_64-debian-clang | 1.1.3 | 22.99 | 67.35 | 90.34 | OK | |
| r-devel-linux-x86_64-debian-gcc | 1.1.3 | 14.04 | 47.60 | 61.64 | OK | |
| r-devel-linux-x86_64-fedora-clang | 1.1.3 | 118.00 | 41.07 | 159.07 | OK | |
| r-devel-linux-x86_64-fedora-gcc | 1.1.3 | 52.00 | 86.64 | 138.64 | OK | |
| r-devel-windows-x86_64 | 1.1.3 | 28.00 | 99.00 | 127.00 | OK | |
| r-patched-linux-x86_64 | 1.1.3 | 22.53 | 62.66 | 85.19 | OK | |
| r-release-linux-x86_64 | 1.1.3 | 21.35 | 62.47 | 83.82 | OK | |
| r-release-macos-arm64 | 1.1.3 | 11.00 | 33.00 | 44.00 | OK | |
| r-release-macos-x86_64 | 1.1.3 | 16.00 | 61.00 | 77.00 | OK | |
| r-release-windows-x86_64 | 1.1.3 | 29.00 | 97.00 | 126.00 | OK | |
| r-oldrel-macos-arm64 | 1.1.3 | 11.00 | 37.00 | 48.00 | NOTE | |
| r-oldrel-macos-x86_64 | 1.1.3 | 17.00 | 61.00 | 78.00 | NOTE | |
| r-oldrel-windows-x86_64 | 1.1.3 | 35.00 | 127.00 | 162.00 | OK |
Version: 1.1.3
Check: package dependencies
Result: NOTE
Packages suggested but not available for checking:
'org.Pt.eg.db', 'org.Mmu.eg.db', 'org.Mm.eg.db', 'org.Rn.eg.db',
'org.Dr.eg.db', 'org.Dm.eg.db', 'org.Ce.eg.db'
Flavor: r-oldrel-macos-arm64
Version: 1.1.3
Check: installed package size
Result: NOTE
installed size is 5.7Mb
sub-directories of 1Mb or more:
data 4.2Mb
libs 1.0Mb
Flavors: r-oldrel-macos-arm64, r-oldrel-macos-x86_64
Version: 1.1.3
Check: package dependencies
Result: NOTE
Packages suggested but not available for checking:
'org.Pt.eg.db', 'org.Mmu.eg.db', 'org.Dm.eg.db', 'org.Ce.eg.db'
Flavor: r-oldrel-macos-x86_64