CRAN Package Check Results for Package gimms

Last updated on 2025-07-04 00:50:04 CEST.

Flavor Version Tinstall Tcheck Ttotal Status Flags
r-devel-linux-x86_64-debian-clang 1.2.2 27.25 248.20 275.45 NOTE
r-devel-linux-x86_64-debian-gcc 1.2.2 18.05 158.70 176.75 NOTE
r-devel-linux-x86_64-fedora-clang 1.2.2 437.59 NOTE
r-devel-linux-x86_64-fedora-gcc 1.2.2 400.22 NOTE
r-devel-windows-x86_64 1.2.2 25.00 213.00 238.00 NOTE
r-patched-linux-x86_64 1.2.2 29.46 235.96 265.42 NOTE
r-release-linux-x86_64 1.2.2 22.71 238.37 261.08 NOTE
r-release-macos-arm64 1.2.2 102.00 NOTE
r-release-macos-x86_64 1.2.2 209.00 NOTE
r-release-windows-x86_64 1.2.2 27.00 210.00 237.00 NOTE
r-oldrel-macos-arm64 1.2.2 91.00 NOTE
r-oldrel-macos-x86_64 1.2.2 151.00 NOTE
r-oldrel-windows-x86_64 1.2.2 37.00 283.00 320.00 NOTE

Check Details

Version: 1.2.2
Check: Rd files
Result: NOTE checkRd: (-1) significantTau.Rd:48-51: Lost braces in \itemize; \value handles \item{}{} directly checkRd: (-1) significantTau.Rd:52-53: Lost braces in \itemize; \value handles \item{}{} directly Flavors: r-devel-linux-x86_64-debian-clang, r-devel-linux-x86_64-debian-gcc, r-devel-linux-x86_64-fedora-clang, r-devel-linux-x86_64-fedora-gcc, r-devel-windows-x86_64, r-patched-linux-x86_64, r-release-linux-x86_64, r-release-macos-arm64, r-release-macos-x86_64, r-release-windows-x86_64, r-oldrel-macos-arm64, r-oldrel-macos-x86_64, r-oldrel-windows-x86_64

Version: 1.2.2
Check: Rd cross-references
Result: NOTE Found the following Rd file(s) with Rd \link{} targets missing package anchors: monthlyComposite.Rd: stackApply, writeRaster oldNaming.Rd: writeFormats, ncvar_get, nc_open qualityControl.Rd: overlay, writeRaster rasterizeGimms.Rd: writeRaster significantTau.Rd: zyp.trend.vector, writeRaster, beginCluster, MannKendall Please provide package anchors for all Rd \link{} targets not in the package itself and the base packages. Flavors: r-devel-linux-x86_64-debian-clang, r-devel-linux-x86_64-debian-gcc, r-devel-windows-x86_64, r-patched-linux-x86_64, r-release-linux-x86_64, r-release-windows-x86_64