Last updated on 2025-11-03 12:49:53 CET.
| Flavor | Version | Tinstall | Tcheck | Ttotal | Status | Flags | 
|---|---|---|---|---|---|---|
| r-devel-linux-x86_64-debian-clang | 0.1.0 | 5.27 | 40.63 | 45.90 | ERROR | |
| r-devel-linux-x86_64-debian-gcc | 0.1.0 | 3.67 | 30.27 | 33.94 | ERROR | |
| r-devel-linux-x86_64-fedora-clang | 0.1.0 | 19.00 | 48.21 | 67.21 | ERROR | |
| r-devel-linux-x86_64-fedora-gcc | 0.1.0 | 12.00 | 52.15 | 64.15 | ERROR | |
| r-devel-windows-x86_64 | 0.1.0 | 6.00 | 52.00 | 58.00 | ERROR | |
| r-patched-linux-x86_64 | 0.1.0 | 4.51 | 38.79 | 43.30 | ERROR | |
| r-release-linux-x86_64 | 0.1.0 | 3.61 | 37.93 | 41.54 | ERROR | |
| r-release-macos-arm64 | 0.1.0 | 2.00 | 17.00 | 19.00 | OK | |
| r-release-macos-x86_64 | 0.1.0 | 3.00 | 33.00 | 36.00 | OK | |
| r-release-windows-x86_64 | 0.1.0 | 6.00 | 51.00 | 57.00 | ERROR | |
| r-oldrel-macos-arm64 | 0.1.0 | 2.00 | 19.00 | 21.00 | OK | |
| r-oldrel-macos-x86_64 | 0.1.0 | 3.00 | 35.00 | 38.00 | OK | |
| r-oldrel-windows-x86_64 | 0.1.0 | 8.00 | 64.00 | 72.00 | ERROR | 
Version: 0.1.0
Check: tests
Result: ERROR
    Running ‘testthat.R’ [2s/4s]
  Running the tests in ‘tests/testthat.R’ failed.
  Complete output:
    > library(testthat)
    > library(ggstream)
    > 
    > test_check("ggstream")
    [ FAIL 1 | WARN 0 | SKIP 0 | PASS 0 ]
    
    ══ Failed tests ════════════════════════════════════════════════════════════════
    ── Failure ('test-geom_stream.R:4:3'): geom_stream ─────────────────────────────
    class(...) not equal to c("gg", "ggplot").
    Lengths differ: 5 is not 2
    
    [ FAIL 1 | WARN 0 | SKIP 0 | PASS 0 ]
    Error: Test failures
    Execution halted
Flavor: r-devel-linux-x86_64-debian-clang
Version: 0.1.0
Check: tests
Result: ERROR
    Running ‘testthat.R’ [2s/2s]
  Running the tests in ‘tests/testthat.R’ failed.
  Complete output:
    > library(testthat)
    > library(ggstream)
    > 
    > test_check("ggstream")
    [ FAIL 1 | WARN 0 | SKIP 0 | PASS 0 ]
    
    ══ Failed tests ════════════════════════════════════════════════════════════════
    ── Failure ('test-geom_stream.R:4:3'): geom_stream ─────────────────────────────
    class(...) not equal to c("gg", "ggplot").
    Lengths differ: 5 is not 2
    
    [ FAIL 1 | WARN 0 | SKIP 0 | PASS 0 ]
    Error: Test failures
    Execution halted
Flavor: r-devel-linux-x86_64-debian-gcc
Version: 0.1.0
Check: dependencies in R code
Result: NOTE
  Namespace in Imports field not imported from: ‘tidyr’
    All declared Imports should be used.
Flavors: r-devel-linux-x86_64-fedora-clang, r-devel-linux-x86_64-fedora-gcc
Version: 0.1.0
Check: tests
Result: ERROR
    Running ‘testthat.R’
  Running the tests in ‘tests/testthat.R’ failed.
  Complete output:
    > library(testthat)
    > library(ggstream)
    > 
    > test_check("ggstream")
    [ FAIL 1 | WARN 0 | SKIP 0 | PASS 0 ]
    
    ══ Failed tests ════════════════════════════════════════════════════════════════
    ── Failure ('test-geom_stream.R:4:3'): geom_stream ─────────────────────────────
    class(...) not equal to c("gg", "ggplot").
    Lengths differ: 5 is not 2
    
    [ FAIL 1 | WARN 0 | SKIP 0 | PASS 0 ]
    Error: Test failures
    Execution halted
Flavors: r-devel-linux-x86_64-fedora-clang, r-devel-linux-x86_64-fedora-gcc
Version: 0.1.0
Check: tests
Result: ERROR
    Running 'testthat.R' [2s]
  Running the tests in 'tests/testthat.R' failed.
  Complete output:
    > library(testthat)
    > library(ggstream)
    > 
    > test_check("ggstream")
    [ FAIL 1 | WARN 0 | SKIP 0 | PASS 0 ]
    
    ══ Failed tests ════════════════════════════════════════════════════════════════
    ── Failure ('test-geom_stream.R:4:3'): geom_stream ─────────────────────────────
    class(...) not equal to c("gg", "ggplot").
    Lengths differ: 5 is not 2
    
    [ FAIL 1 | WARN 0 | SKIP 0 | PASS 0 ]
    Error: Test failures
    Execution halted
Flavors: r-devel-windows-x86_64, r-release-windows-x86_64
Version: 0.1.0
Check: tests
Result: ERROR
    Running ‘testthat.R’ [2s/3s]
  Running the tests in ‘tests/testthat.R’ failed.
  Complete output:
    > library(testthat)
    > library(ggstream)
    > 
    > test_check("ggstream")
    [ FAIL 1 | WARN 0 | SKIP 0 | PASS 0 ]
    
    ══ Failed tests ════════════════════════════════════════════════════════════════
    ── Failure ('test-geom_stream.R:4:3'): geom_stream ─────────────────────────────
    class(...) not equal to c("gg", "ggplot").
    Lengths differ: 5 is not 2
    
    [ FAIL 1 | WARN 0 | SKIP 0 | PASS 0 ]
    Error: Test failures
    Execution halted
Flavors: r-patched-linux-x86_64, r-release-linux-x86_64
Version: 0.1.0
Check: tests
Result: ERROR
    Running 'testthat.R' [3s]
  Running the tests in 'tests/testthat.R' failed.
  Complete output:
    > library(testthat)
    > library(ggstream)
    > 
    > test_check("ggstream")
    [ FAIL 1 | WARN 0 | SKIP 0 | PASS 0 ]
    
    ══ Failed tests ════════════════════════════════════════════════════════════════
    ── Failure ('test-geom_stream.R:4:3'): geom_stream ─────────────────────────────
    class(...) not equal to c("gg", "ggplot").
    Lengths differ: 5 is not 2
    
    [ FAIL 1 | WARN 0 | SKIP 0 | PASS 0 ]
    Error: Test failures
    Execution halted
Flavor: r-oldrel-windows-x86_64