CRAN Package Check Results for Package ggseg3d

Last updated on 2025-07-04 00:50:04 CEST.

Flavor Version Tinstall Tcheck Ttotal Status Flags
r-devel-linux-x86_64-debian-clang 1.6.3 17.12 76.18 93.30 NOTE
r-devel-linux-x86_64-debian-gcc 1.6.3 11.78 54.72 66.50 NOTE
r-devel-linux-x86_64-fedora-clang 1.6.3 139.34 NOTE
r-devel-linux-x86_64-fedora-gcc 1.6.3 131.70 NOTE
r-devel-windows-x86_64 1.6.3 19.00 84.00 103.00 OK
r-patched-linux-x86_64 1.6.3 17.71 70.20 87.91 OK
r-release-linux-x86_64 1.6.3 16.99 71.20 88.19 OK
r-release-macos-arm64 1.6.3 46.00 OK
r-release-macos-x86_64 1.6.3 85.00 OK
r-release-windows-x86_64 1.6.3 19.00 88.00 107.00 OK
r-oldrel-macos-arm64 1.6.3 48.00 OK
r-oldrel-macos-x86_64 1.6.3 71.00 OK
r-oldrel-windows-x86_64 1.6.3 25.00 109.00 134.00 OK

Check Details

Version: 1.6.3
Check: CRAN incoming feasibility
Result: NOTE Maintainer: ‘Athanasia Mo Mowinckel <a.m.mowinckel@psykologi.uio.no>’ Package CITATION file contains call(s) to old-style citEntry(). Please use bibentry() instead. Flavors: r-devel-linux-x86_64-debian-clang, r-devel-linux-x86_64-debian-gcc

Version: 1.6.3
Check: dependencies in R code
Result: NOTE Namespaces in Imports field not imported from: ‘magrittr’ ‘utils’ All declared Imports should be used. Flavors: r-devel-linux-x86_64-fedora-clang, r-devel-linux-x86_64-fedora-gcc