Last updated on 2025-11-03 12:49:52 CET.
| Flavor | Version | Tinstall | Tcheck | Ttotal | Status | Flags | 
|---|---|---|---|---|---|---|
| r-devel-linux-x86_64-debian-clang | 2.2.2 | 46.51 | 257.28 | 303.79 | OK | |
| r-devel-linux-x86_64-debian-gcc | 2.2.2 | 30.84 | 180.17 | 211.01 | OK | |
| r-devel-linux-x86_64-fedora-clang | 2.2.2 | 189.00 | 298.16 | 487.16 | OK | |
| r-devel-linux-x86_64-fedora-gcc | 2.2.2 | 97.00 | 352.42 | 449.42 | OK | |
| r-devel-windows-x86_64 | 2.2.2 | 55.00 | 468.00 | 523.00 | OK | |
| r-patched-linux-x86_64 | 2.2.2 | 50.46 | 243.58 | 294.04 | OK | |
| r-release-linux-x86_64 | 2.2.2 | 46.19 | 242.69 | 288.88 | OK | |
| r-release-macos-arm64 | 2.2.2 | 13.00 | 86.00 | 99.00 | OK | |
| r-release-macos-x86_64 | 2.2.2 | 29.00 | 287.00 | 316.00 | OK | |
| r-release-windows-x86_64 | 2.2.2 | 59.00 | 452.00 | 511.00 | OK | |
| r-oldrel-macos-arm64 | 2.2.2 | 17.00 | 96.00 | 113.00 | NOTE | |
| r-oldrel-macos-x86_64 | 2.2.2 | 29.00 | 194.00 | 223.00 | NOTE | |
| r-oldrel-windows-x86_64 | 2.2.2 | 69.00 | 472.00 | 541.00 | NOTE | 
Version: 2.2.2
Check: installed package size
Result: NOTE
    installed size is  7.8Mb
    sub-directories of 1Mb or more:
      doc    4.0Mb
      libs   2.2Mb
Flavors: r-oldrel-macos-arm64, r-oldrel-macos-x86_64, r-oldrel-windows-x86_64