Last updated on 2025-11-03 12:49:52 CET.
| Flavor | Version | Tinstall | Tcheck | Ttotal | Status | Flags | 
|---|---|---|---|---|---|---|
| r-devel-linux-x86_64-debian-clang | 1.2.0 | 30.45 | 292.06 | 322.51 | OK | |
| r-devel-linux-x86_64-debian-gcc | 1.2.0 | 18.25 | 190.37 | 208.62 | OK | |
| r-devel-linux-x86_64-fedora-clang | 1.2.0 | 115.00 | 418.21 | 533.21 | OK | |
| r-devel-linux-x86_64-fedora-gcc | 1.2.0 | 177.00 | 348.77 | 525.77 | OK | |
| r-devel-windows-x86_64 | 1.2.0 | 31.00 | 285.00 | 316.00 | OK | |
| r-patched-linux-x86_64 | 1.2.0 | 33.19 | 279.05 | 312.24 | OK | |
| r-release-linux-x86_64 | 1.2.0 | 26.58 | 279.72 | 306.30 | OK | |
| r-release-macos-arm64 | 1.2.0 | 13.00 | 113.00 | 126.00 | OK | |
| r-release-macos-x86_64 | 1.2.0 | 37.00 | 284.00 | 321.00 | OK | |
| r-release-windows-x86_64 | 1.2.0 | 34.00 | 278.00 | 312.00 | OK | |
| r-oldrel-macos-arm64 | 1.2.0 | 13.00 | 115.00 | 128.00 | NOTE | |
| r-oldrel-macos-x86_64 | 1.2.0 | 26.00 | 247.00 | 273.00 | NOTE | |
| r-oldrel-windows-x86_64 | 1.2.0 | 42.00 | 371.00 | 413.00 | OK | 
Version: 1.2.0
Check: installed package size
Result: NOTE
    installed size is  5.1Mb
    sub-directories of 1Mb or more:
      R      3.0Mb
      help   1.9Mb
Flavors: r-oldrel-macos-arm64, r-oldrel-macos-x86_64