Last updated on 2025-11-03 12:49:52 CET.
| Flavor | Version | Tinstall | Tcheck | Ttotal | Status | Flags | 
|---|---|---|---|---|---|---|
| r-devel-linux-x86_64-debian-clang | 0.1.1 | 7.93 | 108.38 | 116.31 | NOTE | |
| r-devel-linux-x86_64-debian-gcc | 0.1.1 | 5.03 | 74.20 | 79.23 | NOTE | |
| r-devel-linux-x86_64-fedora-clang | 0.1.1 | 35.00 | 154.36 | 189.36 | OK | |
| r-devel-linux-x86_64-fedora-gcc | 0.1.1 | 36.00 | 160.45 | 196.45 | OK | |
| r-devel-windows-x86_64 | 0.1.1 | 9.00 | 105.00 | 114.00 | OK | |
| r-patched-linux-x86_64 | 0.1.1 | 7.86 | 103.78 | 111.64 | OK | |
| r-release-linux-x86_64 | 0.1.1 | 7.35 | 99.96 | 107.31 | OK | |
| r-release-macos-arm64 | 0.1.1 | 4.00 | 55.00 | 59.00 | OK | |
| r-release-macos-x86_64 | 0.1.1 | 6.00 | 95.00 | 101.00 | OK | |
| r-release-windows-x86_64 | 0.1.1 | 10.00 | 102.00 | 112.00 | OK | |
| r-oldrel-macos-arm64 | 0.1.1 | 3.00 | 51.00 | 54.00 | OK | |
| r-oldrel-macos-x86_64 | 0.1.1 | 9.00 | 75.00 | 84.00 | OK | |
| r-oldrel-windows-x86_64 | 0.1.1 | 12.00 | 137.00 | 149.00 | OK | 
Version: 0.1.1
Check: CRAN incoming feasibility
Result: NOTE
  Maintainer: ‘Tino Werner <tino.werner1@uni-oldenburg.de>’
  
  Package CITATION file contains call(s) to old-style personList() or
  as.personList().  Please use c() on person objects instead.
  Package CITATION file contains call(s) to old-style citEntry().  Please
  use bibentry() instead.
Flavors: r-devel-linux-x86_64-debian-clang, r-devel-linux-x86_64-debian-gcc