Last updated on 2025-11-03 12:49:52 CET.
| Flavor | Version | Tinstall | Tcheck | Ttotal | Status | Flags | 
|---|---|---|---|---|---|---|
| r-devel-linux-x86_64-debian-clang | 0.8.2 | 286.79 | 558.17 | 844.96 | OK | |
| r-devel-linux-x86_64-debian-gcc | 0.8.2 | 249.21 | 389.86 | 639.07 | OK | |
| r-devel-linux-x86_64-fedora-clang | 0.8.2 | 1140.00 | 181.52 | 1321.52 | NOTE | |
| r-devel-linux-x86_64-fedora-gcc | 0.8.2 | 1800.00 | -324.69 | 1475.31 | NOTE | |
| r-devel-windows-x86_64 | 0.8.2 | 274.00 | 611.00 | 885.00 | OK | |
| r-patched-linux-x86_64 | 0.8.2 | 332.23 | 554.51 | 886.74 | OK | |
| r-release-linux-x86_64 | 0.8.2 | 333.46 | 536.45 | 869.91 | OK | |
| r-release-macos-arm64 | 0.8.2 | 104.00 | 125.00 | 229.00 | OK | |
| r-release-macos-x86_64 | 0.8.2 | 184.00 | 239.00 | 423.00 | OK | |
| r-release-windows-x86_64 | 0.8.2 | 275.00 | 591.00 | 866.00 | OK | |
| r-oldrel-macos-arm64 | 0.8.2 | 101.00 | 159.00 | 260.00 | NOTE | |
| r-oldrel-macos-x86_64 | 0.8.2 | 194.00 | 228.00 | 422.00 | NOTE | |
| r-oldrel-windows-x86_64 | 0.8.2 | 317.00 | 765.00 | 1082.00 | NOTE | 
Version: 0.8.2
Check: dependencies in R code
Result: NOTE
  Namespaces in Imports field not imported from:
    ‘RcppParallel’ ‘rstantools’ ‘spData’
    All declared Imports should be used.
Flavors: r-devel-linux-x86_64-fedora-clang, r-devel-linux-x86_64-fedora-gcc
Version: 0.8.2
Check: installed package size
Result: NOTE
    installed size is 111.8Mb
    sub-directories of 1Mb or more:
      doc     1.2Mb
      libs  109.4Mb
Flavors: r-oldrel-macos-arm64, r-oldrel-macos-x86_64, r-oldrel-windows-x86_64
Version: 0.8.2
Check: for GNU extensions in Makefiles
Result: NOTE
  GNU make is a SystemRequirements.
Flavors: r-oldrel-macos-arm64, r-oldrel-macos-x86_64, r-oldrel-windows-x86_64