Last updated on 2024-07-18 01:55:31 CEST.
Flavor | Version | Tinstall | Tcheck | Ttotal | Status | Flags |
---|---|---|---|---|---|---|
r-devel-linux-x86_64-debian-clang | 0.1-3 | 14.05 | 91.28 | 105.33 | OK | |
r-devel-linux-x86_64-debian-gcc | 0.1-3 | 9.02 | 65.88 | 74.90 | OK | |
r-devel-linux-x86_64-fedora-clang | 0.1-3 | 125.91 | OK | |||
r-devel-linux-x86_64-fedora-gcc | 0.1-3 | 118.16 | OK | |||
r-devel-windows-x86_64 | 0.1-3 | 11.00 | 80.00 | 91.00 | NOTE | |
r-patched-linux-x86_64 | 0.1-3 | 15.74 | 83.57 | 99.31 | OK | |
r-release-linux-x86_64 | 0.1-3 | 10.49 | 82.63 | 93.12 | OK | |
r-release-macos-arm64 | 0.1-3 | 36.00 | OK | |||
r-release-macos-x86_64 | 0.1-3 | 53.00 | OK | |||
r-release-windows-x86_64 | 0.1-3 | 12.00 | 81.00 | 93.00 | OK | |
r-oldrel-macos-arm64 | 0.1-3 | 40.00 | OK | |||
r-oldrel-macos-x86_64 | 0.1-3 | 97.00 | OK | |||
r-oldrel-windows-x86_64 | 0.1-3 | 15.00 | 95.00 | 110.00 | OK |
Version: 0.1-3
Check: Rd cross-references
Result: NOTE
Found the following Rd file(s) with Rd \link{} targets missing package
anchors:
geoGAM.Rd: grpreg, cv.grpreg, gamboost, mboost, cvrisk, gam, polr,
cv, mgcv
methods.geoGAM.Rd: summary.gam, plot.gam, gam, predict.gam
predict.geoGAM.Rd: predict.gam, gam
Please provide package anchors for all Rd \link{} targets not in the
package itself and the base packages.
Flavor: r-devel-windows-x86_64