Last updated on 2025-11-03 12:49:52 CET.
| Flavor | Version | Tinstall | Tcheck | Ttotal | Status | Flags | 
|---|---|---|---|---|---|---|
| r-devel-linux-x86_64-debian-clang | 1.3 | 4.15 | 37.86 | 42.01 | NOTE | |
| r-devel-linux-x86_64-debian-gcc | 1.3 | 3.34 | 30.74 | 34.08 | NOTE | |
| r-devel-linux-x86_64-fedora-clang | 1.3 | 18.00 | 48.43 | 66.43 | NOTE | |
| r-devel-linux-x86_64-fedora-gcc | 1.3 | 17.00 | 46.73 | 63.73 | NOTE | |
| r-devel-windows-x86_64 | 1.3 | 6.00 | 54.00 | 60.00 | NOTE | |
| r-patched-linux-x86_64 | 1.3 | 4.07 | 35.85 | 39.92 | NOTE | |
| r-release-linux-x86_64 | 1.3 | 4.19 | 35.94 | 40.13 | NOTE | |
| r-release-macos-arm64 | 1.3 | 2.00 | 22.00 | 24.00 | NOTE | |
| r-release-macos-x86_64 | 1.3 | 6.00 | 52.00 | 58.00 | NOTE | |
| r-release-windows-x86_64 | 1.3 | 6.00 | 53.00 | 59.00 | NOTE | |
| r-oldrel-macos-arm64 | 1.3 | 2.00 | 20.00 | 22.00 | NOTE | |
| r-oldrel-macos-x86_64 | 1.3 | 3.00 | 27.00 | 30.00 | NOTE | |
| r-oldrel-windows-x86_64 | 1.3 | 8.00 | 64.00 | 72.00 | NOTE | 
Version: 1.3
Check: CRAN incoming feasibility
Result: NOTE
  Maintainer: ‘John P Nolan <jpnolan@american.edu>’
  
  No Authors@R field in DESCRIPTION.
  Please add one, modifying
    Authors@R: person(given = c("John", "P"),
                      family = "Nolan",
                      role = c("aut", "cre"),
                      email = "jpnolan@american.edu")
  as necessary.
Flavors: r-devel-linux-x86_64-debian-clang, r-devel-linux-x86_64-debian-gcc
Version: 1.3
Check: Rd files
Result: NOTE
  checkRd: (-1) cfunc.new.Rd:57: Lost braces in \itemize; meant \describe ?
  checkRd: (-1) cfunc.new.Rd:58-59: Lost braces in \itemize; meant \describe ?
  checkRd: (-1) cfunc.new.Rd:60-61: Lost braces in \itemize; meant \describe ?
  checkRd: (-1) cfunc.new.Rd:62: Lost braces in \itemize; meant \describe ?
  checkRd: (-1) cfunc.new.Rd:63-64: Lost braces in \itemize; meant \describe ?
  checkRd: (-1) cfunc.new.Rd:65: Lost braces in \itemize; meant \describe ?
Flavors: r-devel-linux-x86_64-debian-clang, r-devel-linux-x86_64-debian-gcc, r-devel-linux-x86_64-fedora-clang, r-devel-linux-x86_64-fedora-gcc, r-devel-windows-x86_64, r-patched-linux-x86_64, r-release-linux-x86_64, r-release-macos-arm64, r-release-macos-x86_64, r-release-windows-x86_64, r-oldrel-macos-arm64, r-oldrel-macos-x86_64, r-oldrel-windows-x86_64