Last updated on 2025-11-03 12:49:52 CET.
| Flavor | Version | Tinstall | Tcheck | Ttotal | Status | Flags | 
|---|---|---|---|---|---|---|
| r-devel-linux-x86_64-debian-clang | 0.0.6 | 12.03 | 120.08 | 132.11 | NOTE | |
| r-devel-linux-x86_64-debian-gcc | 0.0.6 | 8.57 | 87.08 | 95.65 | NOTE | |
| r-devel-linux-x86_64-fedora-clang | 0.0.6 | 56.00 | 160.79 | 216.79 | OK | |
| r-devel-linux-x86_64-fedora-gcc | 0.0.6 | 48.00 | 176.59 | 224.59 | OK | |
| r-devel-windows-x86_64 | 0.0.6 | 14.00 | 206.00 | 220.00 | OK | |
| r-patched-linux-x86_64 | 0.0.6 | 12.20 | 125.67 | 137.87 | OK | |
| r-release-linux-x86_64 | 0.0.6 | 11.33 | 115.23 | 126.56 | OK | |
| r-release-macos-arm64 | 0.0.6 | 7.00 | 75.00 | 82.00 | OK | |
| r-release-macos-x86_64 | 0.0.6 | 13.00 | 114.00 | 127.00 | OK | |
| r-release-windows-x86_64 | 0.0.6 | 14.00 | 201.00 | 215.00 | OK | |
| r-oldrel-macos-arm64 | 0.0.6 | 6.00 | 60.00 | 66.00 | OK | |
| r-oldrel-macos-x86_64 | 0.0.6 | 10.00 | 92.00 | 102.00 | OK | |
| r-oldrel-windows-x86_64 | 0.0.6 | 17.00 | 185.00 | 202.00 | OK | 
Version: 0.0.6
Check: CRAN incoming feasibility
Result: NOTE
  Maintainer: ‘Yaoyong Li<liyaoyong85@gmail.com>’
  
  No Authors@R field in DESCRIPTION.
  Please add one, modifying
    Authors@R: person(given = "Yaoyong",
                      family = "Li",
                      role = c("aut", "cre"),
                      email = "liyaoyong85@gmail.com")
  as necessary.
Flavors: r-devel-linux-x86_64-debian-clang, r-devel-linux-x86_64-debian-gcc