Last updated on 2024-07-18 01:55:31 CEST.
Flavor | Version | Tinstall | Tcheck | Ttotal | Status | Flags |
---|---|---|---|---|---|---|
r-devel-linux-x86_64-debian-clang | 1.3.8.1.3 | 5.75 | 66.73 | 72.48 | NOTE | |
r-devel-linux-x86_64-debian-gcc | 1.3.8.1.3 | 3.88 | 49.26 | 53.14 | NOTE | |
r-devel-linux-x86_64-fedora-clang | 1.3.8.1.3 | 92.30 | NOTE | |||
r-devel-linux-x86_64-fedora-gcc | 1.3.8.1.3 | 84.44 | NOTE | |||
r-devel-windows-x86_64 | 1.3.8.1.3 | 5.00 | 71.00 | 76.00 | NOTE | |
r-patched-linux-x86_64 | 1.3.8.1.3 | 4.93 | 64.84 | 69.77 | NOTE | |
r-release-linux-x86_64 | 1.3.8.1.3 | 4.29 | 63.47 | 67.76 | NOTE | |
r-release-macos-arm64 | 1.3.8.1.3 | 25.00 | NOTE | |||
r-release-macos-x86_64 | 1.3.8.1.3 | 64.00 | NOTE | |||
r-release-windows-x86_64 | 1.3.8.1.3 | 5.00 | 70.00 | 75.00 | NOTE | |
r-oldrel-macos-arm64 | 1.3.8.1.3 | 28.00 | OK | |||
r-oldrel-macos-x86_64 | 1.3.8.1.3 | 50.00 | OK | |||
r-oldrel-windows-x86_64 | 1.3.8.1.3 | 7.00 | 81.00 | 88.00 | OK |
Version: 1.3.8.1.3
Check: Rd files
Result: NOTE
checkRd: (-1) LD.Rd:37-46: Lost braces in \itemize; meant \describe ?
checkRd: (-1) LD.Rd:47-64: Lost braces in \itemize; meant \describe ?
checkRd: (-1) LD.Rd:66-73: Lost braces in \itemize; meant \describe ?
checkRd: (-1) LD.Rd:78-79: Lost braces in \itemize; meant \describe ?
checkRd: (-1) LD.Rd:80-81: Lost braces in \itemize; meant \describe ?
checkRd: (-1) LD.Rd:82-83: Lost braces in \itemize; meant \describe ?
checkRd: (-1) LD.Rd:84-85: Lost braces in \itemize; meant \describe ?
checkRd: (-1) LD.Rd:86-87: Lost braces in \itemize; meant \describe ?
checkRd: (-1) diseq.Rd:48-58: Lost braces in \itemize; meant \describe ?
checkRd: (-1) diseq.Rd:59-76: Lost braces in \itemize; meant \describe ?
checkRd: (-1) diseq.Rd:78-87: Lost braces in \itemize; meant \describe ?
checkRd: (-1) diseq.Rd:93-94: Lost braces in \itemize; meant \describe ?
checkRd: (-1) diseq.Rd:95-96: Lost braces in \itemize; meant \describe ?
checkRd: (-1) diseq.Rd:97-98: Lost braces in \itemize; meant \describe ?
checkRd: (-1) diseq.Rd:124: Lost braces in \itemize; \value handles \item{}{} directly
checkRd: (-1) diseq.Rd:125: Lost braces in \itemize; \value handles \item{}{} directly
checkRd: (-1) diseq.Rd:126-128: Lost braces in \itemize; \value handles \item{}{} directly
checkRd: (-1) diseq.Rd:129: Lost braces in \itemize; \value handles \item{}{} directly
Flavors: r-devel-linux-x86_64-debian-clang, r-devel-linux-x86_64-debian-gcc, r-devel-linux-x86_64-fedora-clang, r-devel-linux-x86_64-fedora-gcc, r-devel-windows-x86_64, r-patched-linux-x86_64, r-release-linux-x86_64, r-release-macos-arm64, r-release-macos-x86_64, r-release-windows-x86_64
Version: 1.3.8.1.3
Check: Rd cross-references
Result: NOTE
Undeclared package ‘bootstrap’ in Rd xrefs
Flavor: r-devel-linux-x86_64-fedora-clang