Last updated on 2025-07-04 00:50:04 CEST.
Flavor | Version | Tinstall | Tcheck | Ttotal | Status | Flags |
---|---|---|---|---|---|---|
r-devel-linux-x86_64-debian-clang | 0.1.0 | 1.64 | 20.86 | 22.50 | OK | |
r-devel-linux-x86_64-debian-gcc | 0.1.0 | 1.34 | 17.51 | 18.85 | OK | |
r-devel-linux-x86_64-fedora-clang | 0.1.0 | 32.53 | OK | |||
r-devel-linux-x86_64-fedora-gcc | 0.1.0 | 33.30 | OK | |||
r-devel-windows-x86_64 | 0.1.0 | 3.00 | 42.00 | 45.00 | OK | |
r-patched-linux-x86_64 | 0.1.0 | 1.77 | 18.10 | 19.87 | OK | |
r-release-linux-x86_64 | 0.1.0 | 1.47 | 18.39 | 19.86 | OK | |
r-release-macos-arm64 | 0.1.0 | 17.00 | OK | |||
r-release-macos-x86_64 | 0.1.0 | 24.00 | OK | |||
r-release-windows-x86_64 | 0.1.0 | 2.00 | 44.00 | 46.00 | OK | |
r-oldrel-macos-arm64 | 0.1.0 | 14.00 | NOTE | |||
r-oldrel-macos-x86_64 | 0.1.0 | 22.00 | NOTE | |||
r-oldrel-windows-x86_64 | 0.1.0 | 3.00 | 47.00 | 50.00 | NOTE |
Version: 0.1.0
Check: LazyData
Result: NOTE
'LazyData' is specified without a 'data' directory
Flavors: r-oldrel-macos-arm64, r-oldrel-macos-x86_64, r-oldrel-windows-x86_64