Last updated on 2024-07-18 01:55:31 CEST.
Flavor | Version | Tinstall | Tcheck | Ttotal | Status | Flags |
---|---|---|---|---|---|---|
r-devel-linux-x86_64-debian-clang | 1.3.11 | 40.10 | 70.59 | 110.69 | OK | |
r-devel-linux-x86_64-debian-gcc | 1.3.11 | 28.60 | 52.58 | 81.18 | OK | |
r-devel-linux-x86_64-fedora-clang | 1.3.11 | 158.11 | OK | |||
r-devel-linux-x86_64-fedora-gcc | 1.3.11 | 157.70 | OK | |||
r-devel-windows-x86_64 | 1.3.11 | 33.00 | 104.00 | 137.00 | NOTE | |
r-patched-linux-x86_64 | 1.3.11 | 33.94 | 66.47 | 100.41 | OK | |
r-release-linux-x86_64 | 1.3.11 | 23.30 | 68.05 | 91.35 | OK | |
r-release-macos-arm64 | 1.3.11 | 47.00 | OK | |||
r-release-macos-x86_64 | 1.3.11 | 95.00 | OK | |||
r-release-windows-x86_64 | 1.3.11 | 35.00 | 104.00 | 139.00 | OK | |
r-oldrel-macos-arm64 | 1.3.11 | 53.00 | OK | |||
r-oldrel-macos-x86_64 | 1.3.11 | 88.00 | OK | |||
r-oldrel-windows-x86_64 | 1.3.11 | 39.00 | 117.00 | 156.00 | OK |
Version: 1.3.11
Check: Rd cross-references
Result: NOTE
Found the following Rd file(s) with Rd \link{} targets missing package
anchors:
QIC.Rd: ginv
Please provide package anchors for all Rd \link{} targets not in the
package itself and the base packages.
Flavor: r-devel-windows-x86_64