Last updated on 2025-11-03 12:49:52 CET.
| Flavor | Version | Tinstall | Tcheck | Ttotal | Status | Flags | 
|---|---|---|---|---|---|---|
| r-devel-linux-x86_64-debian-clang | 1.0.6 | 11.04 | 62.88 | 73.92 | NOTE | |
| r-devel-linux-x86_64-debian-gcc | 1.0.6 | 7.69 | 47.68 | 55.37 | NOTE | |
| r-devel-linux-x86_64-fedora-clang | 1.0.6 | 33.00 | 87.39 | 120.39 | OK | |
| r-devel-linux-x86_64-fedora-gcc | 1.0.6 | 21.00 | 88.37 | 109.37 | OK | |
| r-devel-windows-x86_64 | 1.0.6 | 15.00 | 79.00 | 94.00 | OK | |
| r-patched-linux-x86_64 | 1.0.6 | 9.57 | 59.40 | 68.97 | OK | |
| r-release-linux-x86_64 | 1.0.6 | 10.50 | 60.28 | 70.78 | OK | |
| r-release-macos-arm64 | 1.0.6 | 8.00 | 29.00 | 37.00 | OK | |
| r-release-macos-x86_64 | 1.0.6 | 10.00 | 51.00 | 61.00 | OK | |
| r-release-windows-x86_64 | 1.0.6 | 15.00 | 77.00 | 92.00 | OK | |
| r-oldrel-macos-arm64 | 1.0.6 | 6.00 | 28.00 | 34.00 | OK | |
| r-oldrel-macos-x86_64 | 1.0.6 | 7.00 | 41.00 | 48.00 | OK | |
| r-oldrel-windows-x86_64 | 1.0.6 | 18.00 | 97.00 | 115.00 | OK | 
Version: 1.0.6
Check: CRAN incoming feasibility
Result: NOTE
  Maintainer: ‘Yi Yang <yi.yang6@mcgill.ca>’
  
  No Authors@R field in DESCRIPTION.
  Please add one, modifying
    Authors@R: c(person(given = "Yi",
                        family = "Yang",
                        role = c("aut", "cre"),
                        email = "yi.yang6@mcgill.ca"),
                 person(given = "Yuwen",
                        family = "Gu",
                        role = "aut",
                        email = "yuwen.gu@uconn.edu"),
                 person(given = "Hui",
                        family = "Zou",
                        role = "aut",
                        email = "hzou@stat.umn.edu"))
  as necessary.
Flavors: r-devel-linux-x86_64-debian-clang, r-devel-linux-x86_64-debian-gcc