Last updated on 2024-07-18 01:55:31 CEST.
Flavor | Version | Tinstall | Tcheck | Ttotal | Status | Flags |
---|---|---|---|---|---|---|
r-devel-linux-x86_64-debian-clang | 1.1.8 | 54.85 | 55.16 | 110.01 | OK | |
r-devel-linux-x86_64-debian-gcc | 1.1.8 | 39.87 | 39.49 | 79.36 | OK | |
r-devel-linux-x86_64-fedora-clang | 1.1.8 | 156.77 | NOTE | |||
r-devel-linux-x86_64-fedora-gcc | 1.1.8 | 153.99 | OK | |||
r-devel-windows-x86_64 | 1.1.8 | 46.00 | 79.00 | 125.00 | OK | |
r-patched-linux-x86_64 | 1.1.8 | 43.35 | 51.65 | 95.00 | OK | |
r-release-linux-x86_64 | 1.1.8 | 52.74 | 52.11 | 104.85 | OK | |
r-release-macos-arm64 | 1.1.8 | 36.00 | OK | |||
r-release-macos-x86_64 | 1.1.8 | 44.00 | OK | |||
r-release-windows-x86_64 | 1.1.8 | 47.00 | 77.00 | 124.00 | OK | |
r-oldrel-macos-arm64 | 1.1.8 | 37.00 | OK | |||
r-oldrel-macos-x86_64 | 1.1.8 | 65.00 | OK | |||
r-oldrel-windows-x86_64 | 1.1.8 | 57.00 | 92.00 | 149.00 | OK |
Version: 1.1.8
Check: Rd cross-references
Result: NOTE
Undeclared package ‘gcmr’ in Rd xrefs
Flavor: r-devel-linux-x86_64-fedora-clang