Last updated on 2024-06-14 13:56:20 CEST.
Flavor | Version | Tinstall | Tcheck | Ttotal | Status | Flags |
---|---|---|---|---|---|---|
r-devel-linux-x86_64-debian-clang | 0.1.0 | 44.57 | 34.35 | 78.92 | OK | |
r-devel-linux-x86_64-debian-gcc | 0.1.0 | 28.00 | 28.03 | 56.03 | OK | |
r-devel-linux-x86_64-fedora-clang | 0.1.0 | 99.84 | OK | |||
r-devel-linux-x86_64-fedora-gcc | 0.1.0 | 120.53 | OK | |||
r-devel-windows-x86_64 | 0.1.0 | 30.00 | 66.00 | 96.00 | OK | |
r-patched-linux-x86_64 | 0.1.0 | 36.48 | 35.85 | 72.33 | OK | |
r-release-linux-x86_64 | 0.1.0 | 35.90 | 34.77 | 70.67 | OK | |
r-release-macos-arm64 | 0.1.0 | 31.00 | NOTE | |||
r-release-macos-x86_64 | 0.1.0 | 49.00 | NOTE | |||
r-release-windows-x86_64 | 0.1.0 | 30.00 | 77.00 | 107.00 | OK | |
r-oldrel-macos-arm64 | 0.1.0 | 36.00 | NOTE | |||
r-oldrel-macos-x86_64 | 0.1.0 | 54.00 | NOTE | |||
r-oldrel-windows-x86_64 | 0.1.0 | 38.00 | 73.00 | 111.00 | OK |
Version: 0.1.0
Check: installed package size
Result: NOTE
installed size is 6.6Mb
sub-directories of 1Mb or more:
libs 6.5Mb
Flavors: r-release-macos-arm64, r-release-macos-x86_64, r-oldrel-macos-arm64, r-oldrel-macos-x86_64