CRAN Package Check Results for Package gasanalyzer

Last updated on 2025-07-03 00:50:52 CEST.

Flavor Version Tinstall Tcheck Ttotal Status Flags
r-devel-linux-x86_64-debian-clang 0.4.3 7.91 85.61 93.52 NOTE
r-devel-linux-x86_64-debian-gcc 0.4.3 6.44 57.97 64.41 NOTE
r-devel-linux-x86_64-fedora-clang 0.4.3 143.84 OK
r-devel-linux-x86_64-fedora-gcc 0.4.3 155.68 OK
r-devel-windows-x86_64 0.4.3 10.00 98.00 108.00 OK
r-patched-linux-x86_64 0.4.3 8.34 77.67 86.01 OK
r-release-linux-x86_64 0.4.3 8.24 77.52 85.76 OK
r-release-macos-arm64 0.4.3 68.00 OK
r-release-macos-x86_64 0.4.3 117.00 OK
r-release-windows-x86_64 0.4.3 10.00 94.00 104.00 OK
r-oldrel-macos-arm64 0.4.3 56.00 OK
r-oldrel-macos-x86_64 0.4.3 96.00 OK
r-oldrel-windows-x86_64 0.4.3 12.00 121.00 133.00 OK

Check Details

Version: 0.4.3
Check: DESCRIPTION meta-information
Result: NOTE Author field differs from that derived from Authors@R Author: ‘Danny Tholen [aut, cre] (<https://orcid.org/0000-0002-9517-0939>, University of Natural Resources and Life Sciences, Vienna)’ Authors@R: ‘Danny Tholen [aut, cre] (ORCID: <https://orcid.org/0000-0002-9517-0939>, affiliation: University of Natural Resources and Life Sciences, Vienna)’ Flavors: r-devel-linux-x86_64-debian-clang, r-devel-linux-x86_64-debian-gcc