Last updated on 2025-11-03 12:49:52 CET.
| Flavor | Version | Tinstall | Tcheck | Ttotal | Status | Flags | 
|---|---|---|---|---|---|---|
| r-devel-linux-x86_64-debian-clang | 1.1.3.7 | 4.25 | 37.27 | 41.52 | OK | |
| r-devel-linux-x86_64-debian-gcc | 1.1.3.7 | 3.67 | 29.55 | 33.22 | OK | |
| r-devel-linux-x86_64-fedora-clang | 1.1.3.7 | 16.00 | 49.88 | 65.88 | NOTE | |
| r-devel-linux-x86_64-fedora-gcc | 1.1.3.7 | 12.00 | 50.69 | 62.69 | NOTE | |
| r-devel-windows-x86_64 | 1.1.3.7 | 9.00 | 56.00 | 65.00 | OK | |
| r-patched-linux-x86_64 | 1.1.3.7 | 4.39 | 37.50 | 41.89 | OK | |
| r-release-linux-x86_64 | 1.1.3.7 | 4.12 | 36.47 | 40.59 | OK | |
| r-release-macos-arm64 | 1.1.3.7 | 5.00 | 25.00 | 30.00 | OK | |
| r-release-macos-x86_64 | 1.1.3.7 | 7.00 | 40.00 | 47.00 | OK | |
| r-release-windows-x86_64 | 1.1.3.7 | 8.00 | 54.00 | 62.00 | OK | |
| r-oldrel-macos-arm64 | 1.1.3.7 | 3.00 | 20.00 | 23.00 | NOTE | |
| r-oldrel-macos-x86_64 | 1.1.3.7 | 5.00 | 30.00 | 35.00 | NOTE | |
| r-oldrel-windows-x86_64 | 1.1.3.7 | 10.00 | 66.00 | 76.00 | NOTE | 
Version: 1.1.3.7
Check: dependencies in R code
Result: NOTE
  Namespace in Imports field not imported from: ‘grDevices’
    All declared Imports should be used.
Flavors: r-devel-linux-x86_64-fedora-clang, r-devel-linux-x86_64-fedora-gcc
Version: 1.1.3.7
Check: LazyData
Result: NOTE
    'LazyData' is specified without a 'data' directory
Flavors: r-oldrel-macos-arm64, r-oldrel-macos-x86_64, r-oldrel-windows-x86_64